{"id":70295196,"date":"2019-09-05T15:02:49","date_gmt":"2019-09-05T13:02:49","guid":{"rendered":"http:\/\/abisagtuellmann.bpk-news.de\/atbild\/geschaeft-fuer-strandmode-in-tel-aviv\/"},"modified":"2019-09-05T15:02:57","modified_gmt":"2019-09-05T13:02:57","slug":"geschaeft-fuer-strandmode-in-tel-aviv","status":"publish","type":"product","link":"https:\/\/bpk-archive.de\/tuellmann\/produkt\/geschaeft-fuer-strandmode-in-tel-aviv\/","title":{"rendered":"Gesch\u00e4ft f\u00fcr Strandmode in Tel Aviv"},"content":{"rendered":"","protected":false},"excerpt":{"rendered":"","protected":false},"featured_media":70292963,"template":"","meta":[],"product_brand":[],"product_cat":[],"product_tag":[47237,13232,13234,13231,13233,47238,47239,13777,47240,13456,13457,47241,50327,50328,13250,48185,48186,50329,50330,50331,50332,50333,13462,13463,13464,13465,13466,13467,13468,50334,13260,13293,13786,13787,13294,13295,13296,13297,47267,13487,13488,47557,47558,47559,47887,47888,50335,50336,13301,47279,47747,47750,47280,47281,47282,47283,47284,13812,13813,13814,13815,13816,47764,47765,47560,13310,13311,50337,50338,50339,47319,47320,13328,13827,13828,13329,13330,13331,13332,47332,13843,47333,47334,47335,47336,47337,47594,47595,13877,13879,50340,50341,50342,50343,50344,50345,48780,48781,50346,13865,13864,13866,13858,13859,13860,13861,13862,13863,13869,13870,13871,13872,48634,47406,47407,13519,13520,13521,13522,13523,13524,50347,47408,47409,13878,13880,48228,47615,48284,48285],"class_list":{"0":"post-70295196","1":"product","2":"type-product","3":"status-publish","4":"has-post-thumbnail","6":"product_tag-1980er-jahre","7":"product_tag-20-jahrhundert-nach-chr","8":"product_tag-20-jh-n-chr","9":"product_tag-20-jahrhundert","10":"product_tag-20-jh","11":"product_tag-80er","12":"product_tag-abt_001","13":"product_tag-abzug","14":"product_tag-achtziger","15":"product_tag-anschauen","16":"product_tag-anschauend","17":"product_tag-at_israel","18":"product_tag-auslage","19":"product_tag-auslagen","20":"product_tag-aussen","21":"product_tag-aussenansicht","22":"product_tag-aussenansichten","23":"product_tag-badeanzug","24":"product_tag-badeanzuege","25":"product_tag-badeanzuegen","26":"product_tag-badekleidung","27":"product_tag-bademode","28":"product_tag-betrachten","29":"product_tag-betrachtend","30":"product_tag-betrachtende","31":"product_tag-betrachtender","32":"product_tag-betrachtendes","33":"product_tag-betrachtet","34":"product_tag-betrachtung","35":"product_tag-bikini","36":"product_tag-draussen","37":"product_tag-foto","38":"product_tag-fotoabzug","39":"product_tag-fotoabzuege","40":"product_tag-fotografie","41":"product_tag-fotografien","42":"product_tag-fotografin","43":"product_tag-fotografinnen","44":"product_tag-fotoreportage","45":"product_tag-frau","46":"product_tag-frauen","47":"product_tag-geschaeft","48":"product_tag-geschaefte","49":"product_tag-geschaeftes","50":"product_tag-grossstadt","51":"product_tag-grossstaedte","52":"product_tag-gucken","53":"product_tag-guckt","54":"product_tag-im-freien","55":"product_tag-israel","56":"product_tag-israeli","57":"product_tag-israelis","58":"product_tag-israelisch","59":"product_tag-israelische","60":"product_tag-israelischer","61":"product_tag-israelisches","62":"product_tag-israels","63":"product_tag-jung","64":"product_tag-junge","65":"product_tag-jungen","66":"product_tag-junger","67":"product_tag-junges","68":"product_tag-kundin","69":"product_tag-kundinnen","70":"product_tag-laden","71":"product_tag-maedchen","72":"product_tag-maedchens","73":"product_tag-modegeschaeft","74":"product_tag-modegeschaefte","75":"product_tag-modeladen","76":"product_tag-naher-osten","77":"product_tag-nahost","78":"product_tag-photo","79":"product_tag-photoabzug","80":"product_tag-photoabzuege","81":"product_tag-photographie","82":"product_tag-photographien","83":"product_tag-photographin","84":"product_tag-photographinnen","85":"product_tag-photoreportage","86":"product_tag-print","87":"product_tag-reportage","88":"product_tag-reportagefoto","89":"product_tag-reportagefotografie","90":"product_tag-reportagephoto","91":"product_tag-reportagephotographie","92":"product_tag-rueckansicht","93":"product_tag-rueckseite","94":"product_tag-s-w-fotografie","95":"product_tag-s-w-photographie","96":"product_tag-schauen","97":"product_tag-schauend","98":"product_tag-schauende","99":"product_tag-schauenden","100":"product_tag-schauender","101":"product_tag-schauendes","102":"product_tag-schaufenster","103":"product_tag-schaufenstern","104":"product_tag-schaut","105":"product_tag-schwarzweissphotographie","106":"product_tag-schwarz-weiss-fotografie","107":"product_tag-schwarz-weiss-photographie","108":"product_tag-schwarzweiss","109":"product_tag-schwarzweisse","110":"product_tag-schwarzweissen","111":"product_tag-schwarzweisser","112":"product_tag-schwarzweisses","113":"product_tag-schwarzweissfotografie","114":"product_tag-silbergelatine","115":"product_tag-silbergelatineabzug","116":"product_tag-silbergelatineabzuege","117":"product_tag-silbergelatineprint","118":"product_tag-sommer","119":"product_tag-stadt","120":"product_tag-staedte","121":"product_tag-stehen","122":"product_tag-stehend","123":"product_tag-stehende","124":"product_tag-stehenden","125":"product_tag-stehender","126":"product_tag-stehendes","127":"product_tag-strandkleidung","128":"product_tag-strassenleben","129":"product_tag-strassenszene","130":"product_tag-sw-fotografie","131":"product_tag-sw-photographie","132":"product_tag-von-aussen","133":"product_tag-von-hinten","134":"product_tag-ware","135":"product_tag-waren","136":"pa_datierung-1980er","137":"pa_fotograf-abisag-tuellmann","138":"pa_geografischer_bezug-aufnahmeort-tel-aviv-jaffa-israel","139":"pa_grunddaten_material_technik-foto-silbergelatine-auf-barytpapier","140":"pa_jahr_von-1980er","141":"pa_massangaben-bildformat-foto-233-x-305-cm","142":"pa_mediennummer-50326","143":"pa_objekt_typ-fotografie","145":"first","146":"instock","147":"product-type-simple"},"yoast_head":"<!-- This site is optimized with the Yoast SEO plugin v27.4 - https:\/\/yoast.com\/product\/yoast-seo-wordpress\/ -->\n<title>Gesch\u00e4ft f\u00fcr Strandmode in Tel Aviv - Abisag T\u00fcllmann<\/title>\n<meta name=\"robots\" content=\"index, follow, max-snippet:-1, max-image-preview:large, max-video-preview:-1\" \/>\n<link rel=\"canonical\" href=\"https:\/\/bpk-archive.de\/tuellmann\/produkt\/geschaeft-fuer-strandmode-in-tel-aviv\/\" \/>\n<meta property=\"og:locale\" content=\"de_DE\" \/>\n<meta property=\"og:type\" content=\"article\" \/>\n<meta property=\"og:title\" content=\"Gesch\u00e4ft f\u00fcr Strandmode in Tel Aviv - Abisag T\u00fcllmann\" \/>\n<meta property=\"og:url\" content=\"https:\/\/bpk-archive.de\/tuellmann\/produkt\/geschaeft-fuer-strandmode-in-tel-aviv\/\" \/>\n<meta property=\"og:site_name\" content=\"Abisag T\u00fcllmann\" \/>\n<meta property=\"article:modified_time\" content=\"2019-09-05T13:02:57+00:00\" \/>\n<meta property=\"og:image\" content=\"https:\/\/bpk-archive.de\/tuellmann\/wp-content\/uploads\/2019\/08\/bpk_70275139.jpg\" \/>\n\t<meta property=\"og:image:width\" content=\"1200\" \/>\n\t<meta property=\"og:image:height\" content=\"929\" \/>\n\t<meta property=\"og:image:type\" content=\"image\/jpeg\" \/>\n<meta name=\"twitter:card\" content=\"summary_large_image\" \/>\n<script type=\"application\/ld+json\" class=\"yoast-schema-graph\">{\"@context\":\"https:\\\/\\\/schema.org\",\"@graph\":[{\"@type\":\"WebPage\",\"@id\":\"https:\\\/\\\/bpk-archive.de\\\/tuellmann\\\/produkt\\\/geschaeft-fuer-strandmode-in-tel-aviv\\\/\",\"url\":\"https:\\\/\\\/bpk-archive.de\\\/tuellmann\\\/produkt\\\/geschaeft-fuer-strandmode-in-tel-aviv\\\/\",\"name\":\"Gesch\u00e4ft f\u00fcr Strandmode in Tel Aviv - Abisag T\u00fcllmann\",\"isPartOf\":{\"@id\":\"https:\\\/\\\/bpk-archive.de\\\/tuellmann\\\/#website\"},\"primaryImageOfPage\":{\"@id\":\"https:\\\/\\\/bpk-archive.de\\\/tuellmann\\\/produkt\\\/geschaeft-fuer-strandmode-in-tel-aviv\\\/#primaryimage\"},\"image\":{\"@id\":\"https:\\\/\\\/bpk-archive.de\\\/tuellmann\\\/produkt\\\/geschaeft-fuer-strandmode-in-tel-aviv\\\/#primaryimage\"},\"thumbnailUrl\":\"https:\\\/\\\/bpk-archive.de\\\/tuellmann\\\/wp-content\\\/uploads\\\/2019\\\/08\\\/bpk_70275139.jpg\",\"datePublished\":\"2019-09-05T13:02:49+00:00\",\"dateModified\":\"2019-09-05T13:02:57+00:00\",\"breadcrumb\":{\"@id\":\"https:\\\/\\\/bpk-archive.de\\\/tuellmann\\\/produkt\\\/geschaeft-fuer-strandmode-in-tel-aviv\\\/#breadcrumb\"},\"inLanguage\":\"de\",\"potentialAction\":[{\"@type\":\"ReadAction\",\"target\":[\"https:\\\/\\\/bpk-archive.de\\\/tuellmann\\\/produkt\\\/geschaeft-fuer-strandmode-in-tel-aviv\\\/\"]}]},{\"@type\":\"ImageObject\",\"inLanguage\":\"de\",\"@id\":\"https:\\\/\\\/bpk-archive.de\\\/tuellmann\\\/produkt\\\/geschaeft-fuer-strandmode-in-tel-aviv\\\/#primaryimage\",\"url\":\"https:\\\/\\\/bpk-archive.de\\\/tuellmann\\\/wp-content\\\/uploads\\\/2019\\\/08\\\/bpk_70275139.jpg\",\"contentUrl\":\"https:\\\/\\\/bpk-archive.de\\\/tuellmann\\\/wp-content\\\/uploads\\\/2019\\\/08\\\/bpk_70275139.jpg\",\"width\":1200,\"height\":929,\"caption\":\"Gesch\u00e4ft f\u00fcr Strandmode in Tel Aviv\"},{\"@type\":\"BreadcrumbList\",\"@id\":\"https:\\\/\\\/bpk-archive.de\\\/tuellmann\\\/produkt\\\/geschaeft-fuer-strandmode-in-tel-aviv\\\/#breadcrumb\",\"itemListElement\":[{\"@type\":\"ListItem\",\"position\":1,\"name\":\"Startseite\",\"item\":\"https:\\\/\\\/bpk-archive.de\\\/tuellmann\\\/\"},{\"@type\":\"ListItem\",\"position\":2,\"name\":\"Shop\",\"item\":\"https:\\\/\\\/bpk-archive.de\\\/tuellmann\\\/shop\\\/\"},{\"@type\":\"ListItem\",\"position\":3,\"name\":\"Gesch\u00e4ft f\u00fcr Strandmode in Tel Aviv\"}]},{\"@type\":\"WebSite\",\"@id\":\"https:\\\/\\\/bpk-archive.de\\\/tuellmann\\\/#website\",\"url\":\"https:\\\/\\\/bpk-archive.de\\\/tuellmann\\\/\",\"name\":\"Abisag T\u00fcllmann\",\"description\":\"Eine weitere WordPress-Website\",\"potentialAction\":[{\"@type\":\"SearchAction\",\"target\":{\"@type\":\"EntryPoint\",\"urlTemplate\":\"https:\\\/\\\/bpk-archive.de\\\/tuellmann\\\/?s={search_term_string}\"},\"query-input\":{\"@type\":\"PropertyValueSpecification\",\"valueRequired\":true,\"valueName\":\"search_term_string\"}}],\"inLanguage\":\"de\"}]}<\/script>\n<!-- \/ Yoast SEO plugin. -->","yoast_head_json":{"title":"Gesch\u00e4ft f\u00fcr Strandmode in Tel Aviv - Abisag T\u00fcllmann","robots":{"index":"index","follow":"follow","max-snippet":"max-snippet:-1","max-image-preview":"max-image-preview:large","max-video-preview":"max-video-preview:-1"},"canonical":"https:\/\/bpk-archive.de\/tuellmann\/produkt\/geschaeft-fuer-strandmode-in-tel-aviv\/","og_locale":"de_DE","og_type":"article","og_title":"Gesch\u00e4ft f\u00fcr Strandmode in Tel Aviv - Abisag T\u00fcllmann","og_url":"https:\/\/bpk-archive.de\/tuellmann\/produkt\/geschaeft-fuer-strandmode-in-tel-aviv\/","og_site_name":"Abisag T\u00fcllmann","article_modified_time":"2019-09-05T13:02:57+00:00","og_image":[{"width":1200,"height":929,"url":"https:\/\/bpk-archive.de\/tuellmann\/wp-content\/uploads\/2019\/08\/bpk_70275139.jpg","type":"image\/jpeg"}],"twitter_card":"summary_large_image","schema":{"@context":"https:\/\/schema.org","@graph":[{"@type":"WebPage","@id":"https:\/\/bpk-archive.de\/tuellmann\/produkt\/geschaeft-fuer-strandmode-in-tel-aviv\/","url":"https:\/\/bpk-archive.de\/tuellmann\/produkt\/geschaeft-fuer-strandmode-in-tel-aviv\/","name":"Gesch\u00e4ft f\u00fcr Strandmode in Tel Aviv - Abisag T\u00fcllmann","isPartOf":{"@id":"https:\/\/bpk-archive.de\/tuellmann\/#website"},"primaryImageOfPage":{"@id":"https:\/\/bpk-archive.de\/tuellmann\/produkt\/geschaeft-fuer-strandmode-in-tel-aviv\/#primaryimage"},"image":{"@id":"https:\/\/bpk-archive.de\/tuellmann\/produkt\/geschaeft-fuer-strandmode-in-tel-aviv\/#primaryimage"},"thumbnailUrl":"https:\/\/bpk-archive.de\/tuellmann\/wp-content\/uploads\/2019\/08\/bpk_70275139.jpg","datePublished":"2019-09-05T13:02:49+00:00","dateModified":"2019-09-05T13:02:57+00:00","breadcrumb":{"@id":"https:\/\/bpk-archive.de\/tuellmann\/produkt\/geschaeft-fuer-strandmode-in-tel-aviv\/#breadcrumb"},"inLanguage":"de","potentialAction":[{"@type":"ReadAction","target":["https:\/\/bpk-archive.de\/tuellmann\/produkt\/geschaeft-fuer-strandmode-in-tel-aviv\/"]}]},{"@type":"ImageObject","inLanguage":"de","@id":"https:\/\/bpk-archive.de\/tuellmann\/produkt\/geschaeft-fuer-strandmode-in-tel-aviv\/#primaryimage","url":"https:\/\/bpk-archive.de\/tuellmann\/wp-content\/uploads\/2019\/08\/bpk_70275139.jpg","contentUrl":"https:\/\/bpk-archive.de\/tuellmann\/wp-content\/uploads\/2019\/08\/bpk_70275139.jpg","width":1200,"height":929,"caption":"Gesch\u00e4ft f\u00fcr Strandmode in Tel Aviv"},{"@type":"BreadcrumbList","@id":"https:\/\/bpk-archive.de\/tuellmann\/produkt\/geschaeft-fuer-strandmode-in-tel-aviv\/#breadcrumb","itemListElement":[{"@type":"ListItem","position":1,"name":"Startseite","item":"https:\/\/bpk-archive.de\/tuellmann\/"},{"@type":"ListItem","position":2,"name":"Shop","item":"https:\/\/bpk-archive.de\/tuellmann\/shop\/"},{"@type":"ListItem","position":3,"name":"Gesch\u00e4ft f\u00fcr Strandmode in Tel Aviv"}]},{"@type":"WebSite","@id":"https:\/\/bpk-archive.de\/tuellmann\/#website","url":"https:\/\/bpk-archive.de\/tuellmann\/","name":"Abisag T\u00fcllmann","description":"Eine weitere WordPress-Website","potentialAction":[{"@type":"SearchAction","target":{"@type":"EntryPoint","urlTemplate":"https:\/\/bpk-archive.de\/tuellmann\/?s={search_term_string}"},"query-input":{"@type":"PropertyValueSpecification","valueRequired":true,"valueName":"search_term_string"}}],"inLanguage":"de"}]}},"_links":{"self":[{"href":"https:\/\/bpk-archive.de\/tuellmann\/wp-json\/wp\/v2\/product\/70295196","targetHints":{"allow":["GET"]}}],"collection":[{"href":"https:\/\/bpk-archive.de\/tuellmann\/wp-json\/wp\/v2\/product"}],"about":[{"href":"https:\/\/bpk-archive.de\/tuellmann\/wp-json\/wp\/v2\/types\/product"}],"wp:featuredmedia":[{"embeddable":true,"href":"https:\/\/bpk-archive.de\/tuellmann\/wp-json\/wp\/v2\/media\/70292963"}],"wp:attachment":[{"href":"https:\/\/bpk-archive.de\/tuellmann\/wp-json\/wp\/v2\/media?parent=70295196"}],"wp:term":[{"taxonomy":"product_brand","embeddable":true,"href":"https:\/\/bpk-archive.de\/tuellmann\/wp-json\/wp\/v2\/product_brand?post=70295196"},{"taxonomy":"product_cat","embeddable":true,"href":"https:\/\/bpk-archive.de\/tuellmann\/wp-json\/wp\/v2\/product_cat?post=70295196"},{"taxonomy":"product_tag","embeddable":true,"href":"https:\/\/bpk-archive.de\/tuellmann\/wp-json\/wp\/v2\/product_tag?post=70295196"}],"curies":[{"name":"wp","href":"https:\/\/api.w.org\/{rel}","templated":true}]}}