{"id":70295176,"date":"2019-09-05T15:02:24","date_gmt":"2019-09-05T13:02:24","guid":{"rendered":"http:\/\/abisagtuellmann.bpk-news.de\/atbild\/mathilde-von-der-laake-mit-ihren-vier-kindern-in-einer-gaststaette\/"},"modified":"2019-09-05T15:02:31","modified_gmt":"2019-09-05T13:02:31","slug":"mathilde-von-der-laake-mit-ihren-vier-kindern-in-einer-gaststaette","status":"publish","type":"product","link":"https:\/\/bpk-archive.de\/tuellmann\/produkt\/mathilde-von-der-laake-mit-ihren-vier-kindern-in-einer-gaststaette\/","title":{"rendered":"Mathilde von der Laake mit ihren vier Kindern in einer Gastst\u00e4tte"},"content":{"rendered":"<p>Aus der Serie &#8222;Geschiedene Frauen&#8220; f\u00fcr die Zeitschrift &#8222;Brigitte&#8220;<\/p>\n","protected":false},"excerpt":{"rendered":"<p>Aus der Serie &#8222;Geschiedene Frauen&#8220; f\u00fcr die Zeitschrift &#8222;Brigitte&#8220;<\/p>\n","protected":false},"featured_media":70292999,"template":"","meta":[],"product_brand":[],"product_cat":[],"product_tag":[13230,13232,49666,13234,49667,13231,13233,13235,49668,13777,49669,49670,49671,49672,49673,49674,13784,13785,49676,13469,48848,14178,14179,13470,13958,13959,13253,13254,13255,13256,13257,13471,13472,13473,49677,49678,49679,49680,49681,49682,49683,47425,47426,13293,13786,13787,13294,13295,13296,13297,47267,49684,13485,13486,13482,13481,13483,13484,13487,13488,13974,13975,13976,13977,13978,49502,49503,49685,49686,48621,48622,48623,50037,50038,50039,50040,49687,49688,49689,49690,49691,47268,14327,47579,47580,47581,47582,48244,48245,13492,13493,13494,13495,13496,13497,13498,13813,13814,14203,14204,14205,14206,14207,49695,14213,14218,14219,14220,14221,47589,47590,14000,14001,14002,14003,14004,14005,14006,13310,13311,47394,49706,13328,13827,13828,13329,13330,13331,13332,47332,13829,13830,13831,13832,13833,13834,13835,13836,13837,13838,13839,13840,13841,13842,13843,48363,49710,47333,47334,47335,47336,47337,50041,50042,13877,13879,50043,50044,49711,50045,50046,13865,13864,13866,13858,13859,13860,13861,13862,13863,47338,47339,49718,49719,13354,13869,13870,13871,13872,14243,14244,14245,14246,14247,14248,14249,47659,47660,47661,47662,13878,13880,50047,50048,47410,47411,49729,50049,50050,50051,50052,50053,50054,13525,50055,50056],"class_list":{"0":"post-70295176","1":"product","2":"type-product","3":"status-publish","4":"has-post-thumbnail","6":"product_tag-1970er-jahre","7":"product_tag-20-jahrhundert-nach-chr","8":"product_tag-20-jahrhundert-vor-chr","9":"product_tag-20-jh-n-chr","10":"product_tag-20-jh-v-chr","11":"product_tag-20-jahrhundert","12":"product_tag-20-jh","13":"product_tag-70er","14":"product_tag-abt_002","15":"product_tag-abzug","16":"product_tag-alleinerziehend","17":"product_tag-alleinerziehende","18":"product_tag-alleinerziehenden","19":"product_tag-alleinerziehender","20":"product_tag-at_geschiedene-frauen","21":"product_tag-auftragsarbeit","22":"product_tag-bildnis","23":"product_tag-bildnisse","24":"product_tag-bildstrecke","25":"product_tag-brd","26":"product_tag-bruder","27":"product_tag-bube","28":"product_tag-buben","29":"product_tag-bundesrepublik-deutschland","30":"product_tag-damenportraet","31":"product_tag-damenportraets","32":"product_tag-deutsch","33":"product_tag-deutsche","34":"product_tag-deutschen","35":"product_tag-deutscher","36":"product_tag-deutsches","37":"product_tag-deutschland","38":"product_tag-deutschlands","39":"product_tag-drinnen","40":"product_tag-ehescheidung","41":"product_tag-emanzipation","42":"product_tag-emanzipiert","43":"product_tag-emanzipierte","44":"product_tag-emanzipierten","45":"product_tag-emanzipierter","46":"product_tag-emanzipiertes","47":"product_tag-familie","48":"product_tag-familien","49":"product_tag-foto","50":"product_tag-fotoabzug","51":"product_tag-fotoabzuege","52":"product_tag-fotografie","53":"product_tag-fotografien","54":"product_tag-fotografin","55":"product_tag-fotografinnen","56":"product_tag-fotoreportage","57":"product_tag-fotoserie","58":"product_tag-frankfurt-m","59":"product_tag-frankfurt-main","60":"product_tag-frankfurt-a-main","61":"product_tag-frankfurt-a-m","62":"product_tag-frankfurt-am-main","63":"product_tag-frankfurter","64":"product_tag-frau","65":"product_tag-frauen","66":"product_tag-frauenbildnis","67":"product_tag-frauenportrait","68":"product_tag-frauenportraits","69":"product_tag-frauenportraet","70":"product_tag-frauenportraets","71":"product_tag-frauenrolle","72":"product_tag-frauenrollen","73":"product_tag-frauenzeitschrift","74":"product_tag-frauenzeitschriften","75":"product_tag-freizeit","76":"product_tag-freizeitbeschaeftigung","77":"product_tag-freizeitgestaltung","78":"product_tag-gasthaus","79":"product_tag-gasthaeuser","80":"product_tag-gaststaette","81":"product_tag-gaststaetten","82":"product_tag-geschieden","83":"product_tag-geschiedene","84":"product_tag-geschiedenem","85":"product_tag-geschiedenen","86":"product_tag-geschiedener","87":"product_tag-geschwister","88":"product_tag-gesellschaft","89":"product_tag-gespraech","90":"product_tag-gespraeche","91":"product_tag-gespraeches","92":"product_tag-gespraechs","93":"product_tag-getraenk","94":"product_tag-getraenke","95":"product_tag-hessen","96":"product_tag-hessisch","97":"product_tag-hessische","98":"product_tag-hessischen","99":"product_tag-hessischer","100":"product_tag-hessisches","101":"product_tag-innen","102":"product_tag-junge","103":"product_tag-jungen","104":"product_tag-jungens","105":"product_tag-jungs","106":"product_tag-kind","107":"product_tag-kinde","108":"product_tag-kinder","109":"product_tag-kindererziehung","110":"product_tag-kindern","111":"product_tag-kindes","112":"product_tag-kindheit","113":"product_tag-knabe","114":"product_tag-knaben","115":"product_tag-konversation","116":"product_tag-konversationen","117":"product_tag-laecheln","118":"product_tag-laechelnd","119":"product_tag-laechelnde","120":"product_tag-laechelnden","121":"product_tag-laechelnder","122":"product_tag-laechelndes","123":"product_tag-laechelt","124":"product_tag-maedchen","125":"product_tag-maedchens","126":"product_tag-mutter","127":"product_tag-mutterschaft","128":"product_tag-photo","129":"product_tag-photoabzug","130":"product_tag-photoabzuege","131":"product_tag-photographie","132":"product_tag-photographien","133":"product_tag-photographin","134":"product_tag-photographinnen","135":"product_tag-photoreportage","136":"product_tag-portrait","137":"product_tag-portraitaufnahme","138":"product_tag-portraitfoto","139":"product_tag-portraitfotografie","140":"product_tag-portraitphoto","141":"product_tag-portraitphotographie","142":"product_tag-portraits","143":"product_tag-portraet","144":"product_tag-portraetaufnahme","145":"product_tag-portraetfoto","146":"product_tag-portraetfotografie","147":"product_tag-portraetphoto","148":"product_tag-portraetphotographie","149":"product_tag-portraets","150":"product_tag-print","151":"product_tag-publikation","152":"product_tag-publiziert","153":"product_tag-reportage","154":"product_tag-reportagefoto","155":"product_tag-reportagefotografie","156":"product_tag-reportagephoto","157":"product_tag-reportagephotographie","158":"product_tag-restaurant","159":"product_tag-restaurants","160":"product_tag-s-w-fotografie","161":"product_tag-s-w-photographie","162":"product_tag-schaenke","163":"product_tag-schaenken","164":"product_tag-scheidung","165":"product_tag-schenke","166":"product_tag-schenken","167":"product_tag-schwarzweissphotographie","168":"product_tag-schwarz-weiss-fotografie","169":"product_tag-schwarz-weiss-photographie","170":"product_tag-schwarzweiss","171":"product_tag-schwarzweisse","172":"product_tag-schwarzweissen","173":"product_tag-schwarzweisser","174":"product_tag-schwarzweisses","175":"product_tag-schwarzweissfotografie","176":"product_tag-schwester","177":"product_tag-schwestern","178":"product_tag-serie","179":"product_tag-serien","180":"product_tag-siebziger","181":"product_tag-silbergelatine","182":"product_tag-silbergelatineabzug","183":"product_tag-silbergelatineabzuege","184":"product_tag-silbergelatineprint","185":"product_tag-sitzen","186":"product_tag-sitzend","187":"product_tag-sitzende","188":"product_tag-sitzenden","189":"product_tag-sitzender","190":"product_tag-sitzendes","191":"product_tag-sitzt","192":"product_tag-sohn","193":"product_tag-soehne","194":"product_tag-soehnen","195":"product_tag-sohnes","196":"product_tag-sw-fotografie","197":"product_tag-sw-photographie","198":"product_tag-taverne","199":"product_tag-tavernen","200":"product_tag-tochter","201":"product_tag-toechtern","202":"product_tag-trennung","203":"product_tag-trinken","204":"product_tag-trinkend","205":"product_tag-trinkende","206":"product_tag-trinkenden","207":"product_tag-trinkender","208":"product_tag-trinkendes","209":"product_tag-von-innen","210":"product_tag-wirtshaus","211":"product_tag-wirtshaeuser","212":"pa_datierung-juni-1977","213":"pa_fotograf-abisag-tuellmann","214":"pa_geografischer_bezug-aufnahmeort-frankfurt-am-main-deutschland","215":"pa_grunddaten_material_technik-foto-silbergelatine-auf-barytpapier","216":"pa_inventarnummer-tue-77-212-35","217":"pa_jahr_von-49467","218":"pa_massangaben-bildformat-foto-234-x-303-cm","219":"pa_mediennummer-50035","220":"pa_objekt_typ-fotografie","222":"first","223":"instock","224":"product-type-simple"},"yoast_head":"<!-- This site is optimized with the Yoast SEO plugin v27.4 - https:\/\/yoast.com\/product\/yoast-seo-wordpress\/ -->\n<title>Mathilde von der Laake mit ihren vier Kindern in einer Gastst\u00e4tte - Abisag T\u00fcllmann<\/title>\n<meta name=\"robots\" content=\"index, follow, max-snippet:-1, max-image-preview:large, max-video-preview:-1\" \/>\n<link rel=\"canonical\" href=\"https:\/\/bpk-archive.de\/tuellmann\/produkt\/mathilde-von-der-laake-mit-ihren-vier-kindern-in-einer-gaststaette\/\" \/>\n<meta property=\"og:locale\" content=\"de_DE\" \/>\n<meta property=\"og:type\" content=\"article\" \/>\n<meta property=\"og:title\" content=\"Mathilde von der Laake mit ihren vier Kindern in einer Gastst\u00e4tte - Abisag T\u00fcllmann\" \/>\n<meta property=\"og:description\" content=\"Aus der Serie &#8222;Geschiedene Frauen&#8220; f\u00fcr die Zeitschrift &#8222;Brigitte&#8220;\" \/>\n<meta property=\"og:url\" content=\"https:\/\/bpk-archive.de\/tuellmann\/produkt\/mathilde-von-der-laake-mit-ihren-vier-kindern-in-einer-gaststaette\/\" \/>\n<meta property=\"og:site_name\" content=\"Abisag T\u00fcllmann\" \/>\n<meta property=\"article:modified_time\" content=\"2019-09-05T13:02:31+00:00\" \/>\n<meta property=\"og:image\" content=\"https:\/\/bpk-archive.de\/tuellmann\/wp-content\/uploads\/2019\/08\/bpk_70278924.jpg\" \/>\n\t<meta property=\"og:image:width\" content=\"1200\" \/>\n\t<meta property=\"og:image:height\" content=\"934\" \/>\n\t<meta property=\"og:image:type\" content=\"image\/jpeg\" \/>\n<meta name=\"twitter:card\" content=\"summary_large_image\" \/>\n<script type=\"application\/ld+json\" class=\"yoast-schema-graph\">{\"@context\":\"https:\\\/\\\/schema.org\",\"@graph\":[{\"@type\":\"WebPage\",\"@id\":\"https:\\\/\\\/bpk-archive.de\\\/tuellmann\\\/produkt\\\/mathilde-von-der-laake-mit-ihren-vier-kindern-in-einer-gaststaette\\\/\",\"url\":\"https:\\\/\\\/bpk-archive.de\\\/tuellmann\\\/produkt\\\/mathilde-von-der-laake-mit-ihren-vier-kindern-in-einer-gaststaette\\\/\",\"name\":\"Mathilde von der Laake mit ihren vier Kindern in einer Gastst\u00e4tte - Abisag T\u00fcllmann\",\"isPartOf\":{\"@id\":\"https:\\\/\\\/bpk-archive.de\\\/tuellmann\\\/#website\"},\"primaryImageOfPage\":{\"@id\":\"https:\\\/\\\/bpk-archive.de\\\/tuellmann\\\/produkt\\\/mathilde-von-der-laake-mit-ihren-vier-kindern-in-einer-gaststaette\\\/#primaryimage\"},\"image\":{\"@id\":\"https:\\\/\\\/bpk-archive.de\\\/tuellmann\\\/produkt\\\/mathilde-von-der-laake-mit-ihren-vier-kindern-in-einer-gaststaette\\\/#primaryimage\"},\"thumbnailUrl\":\"https:\\\/\\\/bpk-archive.de\\\/tuellmann\\\/wp-content\\\/uploads\\\/2019\\\/08\\\/bpk_70278924.jpg\",\"datePublished\":\"2019-09-05T13:02:24+00:00\",\"dateModified\":\"2019-09-05T13:02:31+00:00\",\"breadcrumb\":{\"@id\":\"https:\\\/\\\/bpk-archive.de\\\/tuellmann\\\/produkt\\\/mathilde-von-der-laake-mit-ihren-vier-kindern-in-einer-gaststaette\\\/#breadcrumb\"},\"inLanguage\":\"de\",\"potentialAction\":[{\"@type\":\"ReadAction\",\"target\":[\"https:\\\/\\\/bpk-archive.de\\\/tuellmann\\\/produkt\\\/mathilde-von-der-laake-mit-ihren-vier-kindern-in-einer-gaststaette\\\/\"]}]},{\"@type\":\"ImageObject\",\"inLanguage\":\"de\",\"@id\":\"https:\\\/\\\/bpk-archive.de\\\/tuellmann\\\/produkt\\\/mathilde-von-der-laake-mit-ihren-vier-kindern-in-einer-gaststaette\\\/#primaryimage\",\"url\":\"https:\\\/\\\/bpk-archive.de\\\/tuellmann\\\/wp-content\\\/uploads\\\/2019\\\/08\\\/bpk_70278924.jpg\",\"contentUrl\":\"https:\\\/\\\/bpk-archive.de\\\/tuellmann\\\/wp-content\\\/uploads\\\/2019\\\/08\\\/bpk_70278924.jpg\",\"width\":1200,\"height\":934,\"caption\":\"Mathilde von der Laake mit ihren vier Kindern in einer Gastst\u00e4tte\"},{\"@type\":\"BreadcrumbList\",\"@id\":\"https:\\\/\\\/bpk-archive.de\\\/tuellmann\\\/produkt\\\/mathilde-von-der-laake-mit-ihren-vier-kindern-in-einer-gaststaette\\\/#breadcrumb\",\"itemListElement\":[{\"@type\":\"ListItem\",\"position\":1,\"name\":\"Startseite\",\"item\":\"https:\\\/\\\/bpk-archive.de\\\/tuellmann\\\/\"},{\"@type\":\"ListItem\",\"position\":2,\"name\":\"Shop\",\"item\":\"https:\\\/\\\/bpk-archive.de\\\/tuellmann\\\/shop\\\/\"},{\"@type\":\"ListItem\",\"position\":3,\"name\":\"Mathilde von der Laake mit ihren vier Kindern in einer Gastst\u00e4tte\"}]},{\"@type\":\"WebSite\",\"@id\":\"https:\\\/\\\/bpk-archive.de\\\/tuellmann\\\/#website\",\"url\":\"https:\\\/\\\/bpk-archive.de\\\/tuellmann\\\/\",\"name\":\"Abisag T\u00fcllmann\",\"description\":\"Eine weitere WordPress-Website\",\"potentialAction\":[{\"@type\":\"SearchAction\",\"target\":{\"@type\":\"EntryPoint\",\"urlTemplate\":\"https:\\\/\\\/bpk-archive.de\\\/tuellmann\\\/?s={search_term_string}\"},\"query-input\":{\"@type\":\"PropertyValueSpecification\",\"valueRequired\":true,\"valueName\":\"search_term_string\"}}],\"inLanguage\":\"de\"}]}<\/script>\n<!-- \/ Yoast SEO plugin. -->","yoast_head_json":{"title":"Mathilde von der Laake mit ihren vier Kindern in einer Gastst\u00e4tte - Abisag T\u00fcllmann","robots":{"index":"index","follow":"follow","max-snippet":"max-snippet:-1","max-image-preview":"max-image-preview:large","max-video-preview":"max-video-preview:-1"},"canonical":"https:\/\/bpk-archive.de\/tuellmann\/produkt\/mathilde-von-der-laake-mit-ihren-vier-kindern-in-einer-gaststaette\/","og_locale":"de_DE","og_type":"article","og_title":"Mathilde von der Laake mit ihren vier Kindern in einer Gastst\u00e4tte - Abisag T\u00fcllmann","og_description":"Aus der Serie &#8222;Geschiedene Frauen&#8220; f\u00fcr die Zeitschrift &#8222;Brigitte&#8220;","og_url":"https:\/\/bpk-archive.de\/tuellmann\/produkt\/mathilde-von-der-laake-mit-ihren-vier-kindern-in-einer-gaststaette\/","og_site_name":"Abisag T\u00fcllmann","article_modified_time":"2019-09-05T13:02:31+00:00","og_image":[{"width":1200,"height":934,"url":"https:\/\/bpk-archive.de\/tuellmann\/wp-content\/uploads\/2019\/08\/bpk_70278924.jpg","type":"image\/jpeg"}],"twitter_card":"summary_large_image","schema":{"@context":"https:\/\/schema.org","@graph":[{"@type":"WebPage","@id":"https:\/\/bpk-archive.de\/tuellmann\/produkt\/mathilde-von-der-laake-mit-ihren-vier-kindern-in-einer-gaststaette\/","url":"https:\/\/bpk-archive.de\/tuellmann\/produkt\/mathilde-von-der-laake-mit-ihren-vier-kindern-in-einer-gaststaette\/","name":"Mathilde von der Laake mit ihren vier Kindern in einer Gastst\u00e4tte - Abisag T\u00fcllmann","isPartOf":{"@id":"https:\/\/bpk-archive.de\/tuellmann\/#website"},"primaryImageOfPage":{"@id":"https:\/\/bpk-archive.de\/tuellmann\/produkt\/mathilde-von-der-laake-mit-ihren-vier-kindern-in-einer-gaststaette\/#primaryimage"},"image":{"@id":"https:\/\/bpk-archive.de\/tuellmann\/produkt\/mathilde-von-der-laake-mit-ihren-vier-kindern-in-einer-gaststaette\/#primaryimage"},"thumbnailUrl":"https:\/\/bpk-archive.de\/tuellmann\/wp-content\/uploads\/2019\/08\/bpk_70278924.jpg","datePublished":"2019-09-05T13:02:24+00:00","dateModified":"2019-09-05T13:02:31+00:00","breadcrumb":{"@id":"https:\/\/bpk-archive.de\/tuellmann\/produkt\/mathilde-von-der-laake-mit-ihren-vier-kindern-in-einer-gaststaette\/#breadcrumb"},"inLanguage":"de","potentialAction":[{"@type":"ReadAction","target":["https:\/\/bpk-archive.de\/tuellmann\/produkt\/mathilde-von-der-laake-mit-ihren-vier-kindern-in-einer-gaststaette\/"]}]},{"@type":"ImageObject","inLanguage":"de","@id":"https:\/\/bpk-archive.de\/tuellmann\/produkt\/mathilde-von-der-laake-mit-ihren-vier-kindern-in-einer-gaststaette\/#primaryimage","url":"https:\/\/bpk-archive.de\/tuellmann\/wp-content\/uploads\/2019\/08\/bpk_70278924.jpg","contentUrl":"https:\/\/bpk-archive.de\/tuellmann\/wp-content\/uploads\/2019\/08\/bpk_70278924.jpg","width":1200,"height":934,"caption":"Mathilde von der Laake mit ihren vier Kindern in einer Gastst\u00e4tte"},{"@type":"BreadcrumbList","@id":"https:\/\/bpk-archive.de\/tuellmann\/produkt\/mathilde-von-der-laake-mit-ihren-vier-kindern-in-einer-gaststaette\/#breadcrumb","itemListElement":[{"@type":"ListItem","position":1,"name":"Startseite","item":"https:\/\/bpk-archive.de\/tuellmann\/"},{"@type":"ListItem","position":2,"name":"Shop","item":"https:\/\/bpk-archive.de\/tuellmann\/shop\/"},{"@type":"ListItem","position":3,"name":"Mathilde von der Laake mit ihren vier Kindern in einer Gastst\u00e4tte"}]},{"@type":"WebSite","@id":"https:\/\/bpk-archive.de\/tuellmann\/#website","url":"https:\/\/bpk-archive.de\/tuellmann\/","name":"Abisag T\u00fcllmann","description":"Eine weitere WordPress-Website","potentialAction":[{"@type":"SearchAction","target":{"@type":"EntryPoint","urlTemplate":"https:\/\/bpk-archive.de\/tuellmann\/?s={search_term_string}"},"query-input":{"@type":"PropertyValueSpecification","valueRequired":true,"valueName":"search_term_string"}}],"inLanguage":"de"}]}},"_links":{"self":[{"href":"https:\/\/bpk-archive.de\/tuellmann\/wp-json\/wp\/v2\/product\/70295176","targetHints":{"allow":["GET"]}}],"collection":[{"href":"https:\/\/bpk-archive.de\/tuellmann\/wp-json\/wp\/v2\/product"}],"about":[{"href":"https:\/\/bpk-archive.de\/tuellmann\/wp-json\/wp\/v2\/types\/product"}],"wp:featuredmedia":[{"embeddable":true,"href":"https:\/\/bpk-archive.de\/tuellmann\/wp-json\/wp\/v2\/media\/70292999"}],"wp:attachment":[{"href":"https:\/\/bpk-archive.de\/tuellmann\/wp-json\/wp\/v2\/media?parent=70295176"}],"wp:term":[{"taxonomy":"product_brand","embeddable":true,"href":"https:\/\/bpk-archive.de\/tuellmann\/wp-json\/wp\/v2\/product_brand?post=70295176"},{"taxonomy":"product_cat","embeddable":true,"href":"https:\/\/bpk-archive.de\/tuellmann\/wp-json\/wp\/v2\/product_cat?post=70295176"},{"taxonomy":"product_tag","embeddable":true,"href":"https:\/\/bpk-archive.de\/tuellmann\/wp-json\/wp\/v2\/product_tag?post=70295176"}],"curies":[{"name":"wp","href":"https:\/\/api.w.org\/{rel}","templated":true}]}}