{"id":70295124,"date":"2019-09-05T15:01:17","date_gmt":"2019-09-05T13:01:17","guid":{"rendered":"http:\/\/abisagtuellmann.bpk-news.de\/atbild\/zwei-israelische-soldaten-in-einer-geschaeftsstrasse-in-bethlehem\/"},"modified":"2019-09-05T15:01:30","modified_gmt":"2019-09-05T13:01:30","slug":"zwei-israelische-soldaten-in-einer-geschaeftsstrasse-in-bethlehem","status":"publish","type":"product","link":"https:\/\/bpk-archive.de\/tuellmann\/produkt\/zwei-israelische-soldaten-in-einer-geschaeftsstrasse-in-bethlehem\/","title":{"rendered":"Zwei israelische Soldaten in einer Gesch\u00e4ftsstra\u00dfe in Bethlehem"},"content":{"rendered":"","protected":false},"excerpt":{"rendered":"","protected":false},"featured_media":70292901,"template":"","meta":[],"product_brand":[],"product_cat":[],"product_tag":[47237,13232,13234,13231,13233,47238,47239,13777,47240,47541,47542,47543,47544,47545,47547,47548,48643,47241,13250,47549,47550,47551,47552,47553,47245,47246,47247,47248,47249,47250,47251,47252,47253,47254,47255,49077,49078,49079,47925,47926,48047,48048,48049,48050,48051,14177,13260,13293,13786,13787,13294,13295,13296,13297,47267,47557,47558,47559,49080,49081,49082,49083,13301,47279,47747,47750,47280,47281,47282,47283,47284,47751,47752,47755,47756,47757,47758,47759,13812,13813,13814,13815,13816,47560,13818,13819,13826,49084,47592,48340,48341,48342,48343,48344,48345,47593,47320,47322,47321,47323,48070,47327,47328,47329,47330,47331,13328,13827,13828,13329,13330,13331,13332,47332,13843,47958,47333,47334,47335,47336,47337,13877,13879,13865,13864,13866,13858,13859,13860,13861,13862,13863,13869,13870,13871,13872,47611,47612,47613,47406,47407,13519,13520,13521,13522,13523,13524,48165,48166,47408,47409,49085,49086,13878,13880,48800,48802,48803,48945],"class_list":{"0":"post-70295124","1":"product","2":"type-product","3":"status-publish","4":"has-post-thumbnail","6":"product_tag-1980er-jahre","7":"product_tag-20-jahrhundert-nach-chr","8":"product_tag-20-jh-n-chr","9":"product_tag-20-jahrhundert","10":"product_tag-20-jh","11":"product_tag-80er","12":"product_tag-abt_001","13":"product_tag-abzug","14":"product_tag-achtziger","15":"product_tag-alltag","16":"product_tag-alltaeglich","17":"product_tag-alltaegliche","18":"product_tag-alltaeglicher","19":"product_tag-alltaegliches","20":"product_tag-alltagsszene","21":"product_tag-alltagsszenen","22":"product_tag-altstadt","23":"product_tag-at_israel","24":"product_tag-aussen","25":"product_tag-auto","26":"product_tag-automobil","27":"product_tag-automobile","28":"product_tag-automobils","29":"product_tag-autos","30":"product_tag-besatzungszeit","31":"product_tag-besatzungszone","32":"product_tag-besatzungszonen","33":"product_tag-besetzen","34":"product_tag-besetzt","35":"product_tag-besetzte","36":"product_tag-besetzten","37":"product_tag-besetzter","38":"product_tag-besetztes","39":"product_tag-besetzung","40":"product_tag-besetzungen","41":"product_tag-bethlehem","42":"product_tag-bethlehems","43":"product_tag-betlehem","44":"product_tag-bewachen","45":"product_tag-bewachung","46":"product_tag-bewaffnet","47":"product_tag-bewaffnete","48":"product_tag-bewaffneten","49":"product_tag-bewaffneter","50":"product_tag-bewaffnetes","51":"product_tag-blickkontakt","52":"product_tag-draussen","53":"product_tag-foto","54":"product_tag-fotoabzug","55":"product_tag-fotoabzuege","56":"product_tag-fotografie","57":"product_tag-fotografien","58":"product_tag-fotografin","59":"product_tag-fotografinnen","60":"product_tag-fotoreportage","61":"product_tag-geschaeft","62":"product_tag-geschaefte","63":"product_tag-geschaeftes","64":"product_tag-haeuserreihe","65":"product_tag-haeuserreihen","66":"product_tag-haeuserzeile","67":"product_tag-haeuserzeilen","68":"product_tag-im-freien","69":"product_tag-israel","70":"product_tag-israeli","71":"product_tag-israelis","72":"product_tag-israelisch","73":"product_tag-israelische","74":"product_tag-israelischer","75":"product_tag-israelisches","76":"product_tag-israels","77":"product_tag-jude","78":"product_tag-juden","79":"product_tag-juedisch","80":"product_tag-juedische","81":"product_tag-juedischen","82":"product_tag-juedischer","83":"product_tag-juedisches","84":"product_tag-jung","85":"product_tag-junge","86":"product_tag-jungen","87":"product_tag-junger","88":"product_tag-junges","89":"product_tag-laden","90":"product_tag-mann","91":"product_tag-maenner","92":"product_tag-mannes","93":"product_tag-marlboro","94":"product_tag-militaer","95":"product_tag-militaerisch","96":"product_tag-militaerische","97":"product_tag-militaerischem","98":"product_tag-militaerischen","99":"product_tag-militaerischer","100":"product_tag-militaerisches","101":"product_tag-militaers","102":"product_tag-nahost","103":"product_tag-nahost-konflikt","104":"product_tag-nahostkonflikt","105":"product_tag-okkupation","106":"product_tag-palaestina","107":"product_tag-palaestinensisch","108":"product_tag-palaestinensische","109":"product_tag-palaestinensischen","110":"product_tag-palaestinensischer","111":"product_tag-palaestinensisches","112":"product_tag-photo","113":"product_tag-photoabzug","114":"product_tag-photoabzuege","115":"product_tag-photographie","116":"product_tag-photographien","117":"product_tag-photographin","118":"product_tag-photographinnen","119":"product_tag-photoreportage","120":"product_tag-print","121":"product_tag-querformat","122":"product_tag-reportage","123":"product_tag-reportagefoto","124":"product_tag-reportagefotografie","125":"product_tag-reportagephoto","126":"product_tag-reportagephotographie","127":"product_tag-s-w-fotografie","128":"product_tag-s-w-photographie","129":"product_tag-schwarzweissphotographie","130":"product_tag-schwarz-weiss-fotografie","131":"product_tag-schwarz-weiss-photographie","132":"product_tag-schwarzweiss","133":"product_tag-schwarzweisse","134":"product_tag-schwarzweissen","135":"product_tag-schwarzweisser","136":"product_tag-schwarzweisses","137":"product_tag-schwarzweissfotografie","138":"product_tag-silbergelatine","139":"product_tag-silbergelatineabzug","140":"product_tag-silbergelatineabzuege","141":"product_tag-silbergelatineprint","142":"product_tag-soldat","143":"product_tag-soldaten","144":"product_tag-soldats","145":"product_tag-stadt","146":"product_tag-staedte","147":"product_tag-stehen","148":"product_tag-stehend","149":"product_tag-stehende","150":"product_tag-stehenden","151":"product_tag-stehender","152":"product_tag-stehendes","153":"product_tag-strasse","154":"product_tag-strassen","155":"product_tag-strassenleben","156":"product_tag-strassenszene","157":"product_tag-strassenzug","158":"product_tag-strassenzuege","159":"product_tag-sw-fotografie","160":"product_tag-sw-photographie","161":"product_tag-wache","162":"product_tag-wachsoldat","163":"product_tag-wachsoldaten","164":"product_tag-westjordanland","165":"pa_datierung-mai-1981","166":"pa_fotograf-abisag-tuellmann","167":"pa_geografischer_bezug-aufnahmeort-bethlehem-israel-westjordanland","168":"pa_grunddaten_material_technik-foto-silbergelatine-auf-barytpapier","169":"pa_inventarnummer-tue-81-026-19","170":"pa_jahr_von-48126","171":"pa_massangaben-bildformat-foto-233-x-304-cm","172":"pa_mediennummer-49074","173":"pa_objekt_typ-fotografie","175":"first","176":"instock","177":"product-type-simple"},"yoast_head":"<!-- This site is optimized with the Yoast SEO plugin v27.4 - https:\/\/yoast.com\/product\/yoast-seo-wordpress\/ -->\n<title>Zwei israelische Soldaten in einer Gesch\u00e4ftsstra\u00dfe in Bethlehem - Abisag T\u00fcllmann<\/title>\n<meta name=\"robots\" content=\"index, follow, max-snippet:-1, max-image-preview:large, max-video-preview:-1\" \/>\n<link rel=\"canonical\" href=\"https:\/\/bpk-archive.de\/tuellmann\/produkt\/zwei-israelische-soldaten-in-einer-geschaeftsstrasse-in-bethlehem\/\" \/>\n<meta property=\"og:locale\" content=\"de_DE\" \/>\n<meta property=\"og:type\" content=\"article\" \/>\n<meta property=\"og:title\" content=\"Zwei israelische Soldaten in einer Gesch\u00e4ftsstra\u00dfe in Bethlehem - Abisag T\u00fcllmann\" \/>\n<meta property=\"og:url\" content=\"https:\/\/bpk-archive.de\/tuellmann\/produkt\/zwei-israelische-soldaten-in-einer-geschaeftsstrasse-in-bethlehem\/\" \/>\n<meta property=\"og:site_name\" content=\"Abisag T\u00fcllmann\" \/>\n<meta property=\"article:modified_time\" content=\"2019-09-05T13:01:30+00:00\" \/>\n<meta property=\"og:image\" content=\"https:\/\/bpk-archive.de\/tuellmann\/wp-content\/uploads\/2019\/08\/bpk_70271374.jpg\" \/>\n\t<meta property=\"og:image:width\" content=\"1200\" \/>\n\t<meta property=\"og:image:height\" content=\"935\" \/>\n\t<meta property=\"og:image:type\" content=\"image\/jpeg\" \/>\n<meta name=\"twitter:card\" content=\"summary_large_image\" \/>\n<script type=\"application\/ld+json\" class=\"yoast-schema-graph\">{\"@context\":\"https:\\\/\\\/schema.org\",\"@graph\":[{\"@type\":\"WebPage\",\"@id\":\"https:\\\/\\\/bpk-archive.de\\\/tuellmann\\\/produkt\\\/zwei-israelische-soldaten-in-einer-geschaeftsstrasse-in-bethlehem\\\/\",\"url\":\"https:\\\/\\\/bpk-archive.de\\\/tuellmann\\\/produkt\\\/zwei-israelische-soldaten-in-einer-geschaeftsstrasse-in-bethlehem\\\/\",\"name\":\"Zwei israelische Soldaten in einer Gesch\u00e4ftsstra\u00dfe in Bethlehem - Abisag T\u00fcllmann\",\"isPartOf\":{\"@id\":\"https:\\\/\\\/bpk-archive.de\\\/tuellmann\\\/#website\"},\"primaryImageOfPage\":{\"@id\":\"https:\\\/\\\/bpk-archive.de\\\/tuellmann\\\/produkt\\\/zwei-israelische-soldaten-in-einer-geschaeftsstrasse-in-bethlehem\\\/#primaryimage\"},\"image\":{\"@id\":\"https:\\\/\\\/bpk-archive.de\\\/tuellmann\\\/produkt\\\/zwei-israelische-soldaten-in-einer-geschaeftsstrasse-in-bethlehem\\\/#primaryimage\"},\"thumbnailUrl\":\"https:\\\/\\\/bpk-archive.de\\\/tuellmann\\\/wp-content\\\/uploads\\\/2019\\\/08\\\/bpk_70271374.jpg\",\"datePublished\":\"2019-09-05T13:01:17+00:00\",\"dateModified\":\"2019-09-05T13:01:30+00:00\",\"breadcrumb\":{\"@id\":\"https:\\\/\\\/bpk-archive.de\\\/tuellmann\\\/produkt\\\/zwei-israelische-soldaten-in-einer-geschaeftsstrasse-in-bethlehem\\\/#breadcrumb\"},\"inLanguage\":\"de\",\"potentialAction\":[{\"@type\":\"ReadAction\",\"target\":[\"https:\\\/\\\/bpk-archive.de\\\/tuellmann\\\/produkt\\\/zwei-israelische-soldaten-in-einer-geschaeftsstrasse-in-bethlehem\\\/\"]}]},{\"@type\":\"ImageObject\",\"inLanguage\":\"de\",\"@id\":\"https:\\\/\\\/bpk-archive.de\\\/tuellmann\\\/produkt\\\/zwei-israelische-soldaten-in-einer-geschaeftsstrasse-in-bethlehem\\\/#primaryimage\",\"url\":\"https:\\\/\\\/bpk-archive.de\\\/tuellmann\\\/wp-content\\\/uploads\\\/2019\\\/08\\\/bpk_70271374.jpg\",\"contentUrl\":\"https:\\\/\\\/bpk-archive.de\\\/tuellmann\\\/wp-content\\\/uploads\\\/2019\\\/08\\\/bpk_70271374.jpg\",\"width\":1200,\"height\":935,\"caption\":\"Zwei israelische Soldaten in einer Gesch\u00e4ftsstra\u00dfe in Bethlehem\"},{\"@type\":\"BreadcrumbList\",\"@id\":\"https:\\\/\\\/bpk-archive.de\\\/tuellmann\\\/produkt\\\/zwei-israelische-soldaten-in-einer-geschaeftsstrasse-in-bethlehem\\\/#breadcrumb\",\"itemListElement\":[{\"@type\":\"ListItem\",\"position\":1,\"name\":\"Startseite\",\"item\":\"https:\\\/\\\/bpk-archive.de\\\/tuellmann\\\/\"},{\"@type\":\"ListItem\",\"position\":2,\"name\":\"Shop\",\"item\":\"https:\\\/\\\/bpk-archive.de\\\/tuellmann\\\/shop\\\/\"},{\"@type\":\"ListItem\",\"position\":3,\"name\":\"Zwei israelische Soldaten in einer Gesch\u00e4ftsstra\u00dfe in Bethlehem\"}]},{\"@type\":\"WebSite\",\"@id\":\"https:\\\/\\\/bpk-archive.de\\\/tuellmann\\\/#website\",\"url\":\"https:\\\/\\\/bpk-archive.de\\\/tuellmann\\\/\",\"name\":\"Abisag T\u00fcllmann\",\"description\":\"Eine weitere WordPress-Website\",\"potentialAction\":[{\"@type\":\"SearchAction\",\"target\":{\"@type\":\"EntryPoint\",\"urlTemplate\":\"https:\\\/\\\/bpk-archive.de\\\/tuellmann\\\/?s={search_term_string}\"},\"query-input\":{\"@type\":\"PropertyValueSpecification\",\"valueRequired\":true,\"valueName\":\"search_term_string\"}}],\"inLanguage\":\"de\"}]}<\/script>\n<!-- \/ Yoast SEO plugin. -->","yoast_head_json":{"title":"Zwei israelische Soldaten in einer Gesch\u00e4ftsstra\u00dfe in Bethlehem - Abisag T\u00fcllmann","robots":{"index":"index","follow":"follow","max-snippet":"max-snippet:-1","max-image-preview":"max-image-preview:large","max-video-preview":"max-video-preview:-1"},"canonical":"https:\/\/bpk-archive.de\/tuellmann\/produkt\/zwei-israelische-soldaten-in-einer-geschaeftsstrasse-in-bethlehem\/","og_locale":"de_DE","og_type":"article","og_title":"Zwei israelische Soldaten in einer Gesch\u00e4ftsstra\u00dfe in Bethlehem - Abisag T\u00fcllmann","og_url":"https:\/\/bpk-archive.de\/tuellmann\/produkt\/zwei-israelische-soldaten-in-einer-geschaeftsstrasse-in-bethlehem\/","og_site_name":"Abisag T\u00fcllmann","article_modified_time":"2019-09-05T13:01:30+00:00","og_image":[{"width":1200,"height":935,"url":"https:\/\/bpk-archive.de\/tuellmann\/wp-content\/uploads\/2019\/08\/bpk_70271374.jpg","type":"image\/jpeg"}],"twitter_card":"summary_large_image","schema":{"@context":"https:\/\/schema.org","@graph":[{"@type":"WebPage","@id":"https:\/\/bpk-archive.de\/tuellmann\/produkt\/zwei-israelische-soldaten-in-einer-geschaeftsstrasse-in-bethlehem\/","url":"https:\/\/bpk-archive.de\/tuellmann\/produkt\/zwei-israelische-soldaten-in-einer-geschaeftsstrasse-in-bethlehem\/","name":"Zwei israelische Soldaten in einer Gesch\u00e4ftsstra\u00dfe in Bethlehem - Abisag T\u00fcllmann","isPartOf":{"@id":"https:\/\/bpk-archive.de\/tuellmann\/#website"},"primaryImageOfPage":{"@id":"https:\/\/bpk-archive.de\/tuellmann\/produkt\/zwei-israelische-soldaten-in-einer-geschaeftsstrasse-in-bethlehem\/#primaryimage"},"image":{"@id":"https:\/\/bpk-archive.de\/tuellmann\/produkt\/zwei-israelische-soldaten-in-einer-geschaeftsstrasse-in-bethlehem\/#primaryimage"},"thumbnailUrl":"https:\/\/bpk-archive.de\/tuellmann\/wp-content\/uploads\/2019\/08\/bpk_70271374.jpg","datePublished":"2019-09-05T13:01:17+00:00","dateModified":"2019-09-05T13:01:30+00:00","breadcrumb":{"@id":"https:\/\/bpk-archive.de\/tuellmann\/produkt\/zwei-israelische-soldaten-in-einer-geschaeftsstrasse-in-bethlehem\/#breadcrumb"},"inLanguage":"de","potentialAction":[{"@type":"ReadAction","target":["https:\/\/bpk-archive.de\/tuellmann\/produkt\/zwei-israelische-soldaten-in-einer-geschaeftsstrasse-in-bethlehem\/"]}]},{"@type":"ImageObject","inLanguage":"de","@id":"https:\/\/bpk-archive.de\/tuellmann\/produkt\/zwei-israelische-soldaten-in-einer-geschaeftsstrasse-in-bethlehem\/#primaryimage","url":"https:\/\/bpk-archive.de\/tuellmann\/wp-content\/uploads\/2019\/08\/bpk_70271374.jpg","contentUrl":"https:\/\/bpk-archive.de\/tuellmann\/wp-content\/uploads\/2019\/08\/bpk_70271374.jpg","width":1200,"height":935,"caption":"Zwei israelische Soldaten in einer Gesch\u00e4ftsstra\u00dfe in Bethlehem"},{"@type":"BreadcrumbList","@id":"https:\/\/bpk-archive.de\/tuellmann\/produkt\/zwei-israelische-soldaten-in-einer-geschaeftsstrasse-in-bethlehem\/#breadcrumb","itemListElement":[{"@type":"ListItem","position":1,"name":"Startseite","item":"https:\/\/bpk-archive.de\/tuellmann\/"},{"@type":"ListItem","position":2,"name":"Shop","item":"https:\/\/bpk-archive.de\/tuellmann\/shop\/"},{"@type":"ListItem","position":3,"name":"Zwei israelische Soldaten in einer Gesch\u00e4ftsstra\u00dfe in Bethlehem"}]},{"@type":"WebSite","@id":"https:\/\/bpk-archive.de\/tuellmann\/#website","url":"https:\/\/bpk-archive.de\/tuellmann\/","name":"Abisag T\u00fcllmann","description":"Eine weitere WordPress-Website","potentialAction":[{"@type":"SearchAction","target":{"@type":"EntryPoint","urlTemplate":"https:\/\/bpk-archive.de\/tuellmann\/?s={search_term_string}"},"query-input":{"@type":"PropertyValueSpecification","valueRequired":true,"valueName":"search_term_string"}}],"inLanguage":"de"}]}},"_links":{"self":[{"href":"https:\/\/bpk-archive.de\/tuellmann\/wp-json\/wp\/v2\/product\/70295124","targetHints":{"allow":["GET"]}}],"collection":[{"href":"https:\/\/bpk-archive.de\/tuellmann\/wp-json\/wp\/v2\/product"}],"about":[{"href":"https:\/\/bpk-archive.de\/tuellmann\/wp-json\/wp\/v2\/types\/product"}],"wp:featuredmedia":[{"embeddable":true,"href":"https:\/\/bpk-archive.de\/tuellmann\/wp-json\/wp\/v2\/media\/70292901"}],"wp:attachment":[{"href":"https:\/\/bpk-archive.de\/tuellmann\/wp-json\/wp\/v2\/media?parent=70295124"}],"wp:term":[{"taxonomy":"product_brand","embeddable":true,"href":"https:\/\/bpk-archive.de\/tuellmann\/wp-json\/wp\/v2\/product_brand?post=70295124"},{"taxonomy":"product_cat","embeddable":true,"href":"https:\/\/bpk-archive.de\/tuellmann\/wp-json\/wp\/v2\/product_cat?post=70295124"},{"taxonomy":"product_tag","embeddable":true,"href":"https:\/\/bpk-archive.de\/tuellmann\/wp-json\/wp\/v2\/product_tag?post=70295124"}],"curies":[{"name":"wp","href":"https:\/\/api.w.org\/{rel}","templated":true}]}}