{"id":70295114,"date":"2019-09-05T15:01:17","date_gmt":"2019-09-05T13:01:17","guid":{"rendered":"http:\/\/abisagtuellmann.bpk-news.de\/atbild\/jemenitische-familie-in-en-kerem-familie-giad\/"},"modified":"2019-09-05T15:01:21","modified_gmt":"2019-09-05T13:01:21","slug":"jemenitische-familie-in-en-kerem-familie-giad","status":"publish","type":"product","link":"https:\/\/bpk-archive.de\/tuellmann\/produkt\/jemenitische-familie-in-en-kerem-familie-giad\/","title":{"rendered":"Jemenitische Familie in En Kerem (Familie Giad)"},"content":{"rendered":"<p>R\u00fcckseitenbeschriftung von Hand der Fotografin: &#8222;Yemenitische Familie in En Kerem, v.l.: Mutter, \u00e4ltester Sohn, Vater, j\u00fcngster Sohn&#8220;<\/p>\n","protected":false},"excerpt":{"rendered":"<p>R\u00fcckseitenbeschriftung von Hand der Fotografin: &#8222;Yemenitische Familie in En Kerem, v.l.: Mutter, \u00e4ltester Sohn, Vater, j\u00fcngster Sohn&#8220;<\/p>\n","protected":false},"featured_media":70292931,"template":"","meta":[],"product_brand":[],"product_cat":[],"product_tag":[47237,13232,13234,13231,13233,47238,47239,13777,47240,47418,47419,47420,47421,47422,47423,47424,47241,13250,48846,48847,13784,13785,48848,14178,14179,13260,47425,47426,48849,48850,48851,48852,48853,48854,48855,48856,48857,48858,13293,13786,13787,13294,13295,13296,13297,47267,13487,13488,47268,47650,47651,47652,47653,47654,14195,14196,14197,14198,14199,14200,47430,47431,47432,48859,13301,47279,47280,47281,47282,47283,47284,48860,48861,48862,48863,48864,48865,48866,48867,48868,48869,48870,48248,48249,48250,47751,47752,47753,47754,47755,47756,47757,47758,47759,13807,13808,13809,13812,13813,13814,14203,13815,13816,14204,14220,14221,13818,13819,13826,47320,13328,13827,13828,13329,13330,13331,13332,47332,13829,13830,13831,13832,13833,13834,13835,13836,13837,13838,13839,13840,13841,13842,13843,48677,14073,14074,14075,14076,14077,48678,47333,47334,47335,47336,47337,13877,13879,13865,13864,13866,13858,13859,13860,13861,13862,13863,48871,13869,13870,13871,13872,48872,48873,14243,14244,14245,14246,14247,14248,14249,47659,47660,47661,47662,13519,13520,13521,13522,13523,13524,13878,13880,48874,48875,48876,48877,48878,48879,48880,48881,48882,48883,48884],"class_list":{"0":"post-70295114","1":"product","2":"type-product","3":"status-publish","4":"has-post-thumbnail","6":"product_tag-1980er-jahre","7":"product_tag-20-jahrhundert-nach-chr","8":"product_tag-20-jh-n-chr","9":"product_tag-20-jahrhundert","10":"product_tag-20-jh","11":"product_tag-80er","12":"product_tag-abt_001","13":"product_tag-abzug","14":"product_tag-achtziger","15":"product_tag-alt","16":"product_tag-alte","17":"product_tag-alten","18":"product_tag-alter","19":"product_tag-aeltere","20":"product_tag-aelterer","21":"product_tag-altes","22":"product_tag-at_israel","23":"product_tag-aussen","24":"product_tag-bank","25":"product_tag-baenke","26":"product_tag-bildnis","27":"product_tag-bildnisse","28":"product_tag-bruder","29":"product_tag-bube","30":"product_tag-buben","31":"product_tag-draussen","32":"product_tag-familie","33":"product_tag-familien","34":"product_tag-familienbild","35":"product_tag-familienbilder","36":"product_tag-familienbildes","37":"product_tag-familienbildnis","38":"product_tag-familienbildnisse","39":"product_tag-familienbilds","40":"product_tag-familienportrait","41":"product_tag-familienportraits","42":"product_tag-familienportraet","43":"product_tag-familienportraets","44":"product_tag-foto","45":"product_tag-fotoabzug","46":"product_tag-fotoabzuege","47":"product_tag-fotografie","48":"product_tag-fotografien","49":"product_tag-fotografin","50":"product_tag-fotografinnen","51":"product_tag-fotoreportage","52":"product_tag-frau","53":"product_tag-frauen","54":"product_tag-geschwister","55":"product_tag-greis","56":"product_tag-greise","57":"product_tag-greises","58":"product_tag-greisin","59":"product_tag-greisinnen","60":"product_tag-gruppenbild","61":"product_tag-gruppenbilder","62":"product_tag-gruppenportrait","63":"product_tag-gruppenportraits","64":"product_tag-gruppenportraet","65":"product_tag-gruppenportraets","66":"product_tag-heranwachsende","67":"product_tag-heranwachsenden","68":"product_tag-heranwachsender","69":"product_tag-huka","70":"product_tag-im-freien","71":"product_tag-israel","72":"product_tag-israelisch","73":"product_tag-israelische","74":"product_tag-israelischer","75":"product_tag-israelisches","76":"product_tag-israels","77":"product_tag-jemen","78":"product_tag-jemenit","79":"product_tag-jemeniten","80":"product_tag-jemenitin","81":"product_tag-jemenitinnen","82":"product_tag-jemenitisch","83":"product_tag-jemenitische","84":"product_tag-jemenitischen","85":"product_tag-jemenitischer","86":"product_tag-jemenitisches","87":"product_tag-jemens","88":"product_tag-jerusalem","89":"product_tag-jerusalemer","90":"product_tag-jerusalems","91":"product_tag-jude","92":"product_tag-juden","93":"product_tag-juedin","94":"product_tag-juedinnen","95":"product_tag-juedisch","96":"product_tag-juedische","97":"product_tag-juedischen","98":"product_tag-juedischer","99":"product_tag-juedisches","100":"product_tag-jugendliche","101":"product_tag-jugendlichen","102":"product_tag-jugendlicher","103":"product_tag-jung","104":"product_tag-junge","105":"product_tag-jungen","106":"product_tag-jungens","107":"product_tag-junger","108":"product_tag-junges","109":"product_tag-jungs","110":"product_tag-knabe","111":"product_tag-knaben","112":"product_tag-mann","113":"product_tag-maenner","114":"product_tag-mannes","115":"product_tag-nahost","116":"product_tag-photo","117":"product_tag-photoabzug","118":"product_tag-photoabzuege","119":"product_tag-photographie","120":"product_tag-photographien","121":"product_tag-photographin","122":"product_tag-photographinnen","123":"product_tag-photoreportage","124":"product_tag-portrait","125":"product_tag-portraitaufnahme","126":"product_tag-portraitfoto","127":"product_tag-portraitfotografie","128":"product_tag-portraitphoto","129":"product_tag-portraitphotographie","130":"product_tag-portraits","131":"product_tag-portraet","132":"product_tag-portraetaufnahme","133":"product_tag-portraetfoto","134":"product_tag-portraetfotografie","135":"product_tag-portraetphoto","136":"product_tag-portraetphotographie","137":"product_tag-portraets","138":"product_tag-print","139":"product_tag-rauchen","140":"product_tag-rauchend","141":"product_tag-rauchende","142":"product_tag-rauchenden","143":"product_tag-rauchender","144":"product_tag-rauchendes","145":"product_tag-raucher","146":"product_tag-reportage","147":"product_tag-reportagefoto","148":"product_tag-reportagefotografie","149":"product_tag-reportagephoto","150":"product_tag-reportagephotographie","151":"product_tag-s-w-fotografie","152":"product_tag-s-w-photographie","153":"product_tag-schwarzweissphotographie","154":"product_tag-schwarz-weiss-fotografie","155":"product_tag-schwarz-weiss-photographie","156":"product_tag-schwarzweiss","157":"product_tag-schwarzweisse","158":"product_tag-schwarzweissen","159":"product_tag-schwarzweisser","160":"product_tag-schwarzweisses","161":"product_tag-schwarzweissfotografie","162":"product_tag-shisha","163":"product_tag-silbergelatine","164":"product_tag-silbergelatineabzug","165":"product_tag-silbergelatineabzuege","166":"product_tag-silbergelatineprint","167":"product_tag-sitzbank","168":"product_tag-sitzbaenke","169":"product_tag-sitzen","170":"product_tag-sitzend","171":"product_tag-sitzende","172":"product_tag-sitzenden","173":"product_tag-sitzender","174":"product_tag-sitzendes","175":"product_tag-sitzt","176":"product_tag-sohn","177":"product_tag-soehne","178":"product_tag-soehnen","179":"product_tag-sohnes","180":"product_tag-stehen","181":"product_tag-stehend","182":"product_tag-stehende","183":"product_tag-stehenden","184":"product_tag-stehender","185":"product_tag-stehendes","186":"product_tag-sw-fotografie","187":"product_tag-sw-photographie","188":"product_tag-terrasse","189":"product_tag-terrassen","190":"product_tag-wasserpfeife","191":"product_tag-wasserpfeifen","192":"product_tag-yemen","193":"product_tag-yemenit","194":"product_tag-yemeniten","195":"product_tag-yemenitinnen","196":"product_tag-yemenitisch","197":"product_tag-yemenitische","198":"product_tag-yemens","199":"pa_datierung-september-1983","200":"pa_fotograf-abisag-tuellmann","201":"pa_geografischer_bezug-aufnahmeort-en-kerem-israel","202":"pa_grunddaten_material_technik-foto-silbergelatine-auf-barytpapier","203":"pa_inventarnummer-tue-83-165-05","204":"pa_jahr_von-47717","205":"pa_massangaben-bildformat-foto-215-x-303-cm","206":"pa_mediennummer-48841","207":"pa_objekt_typ-fotografie","209":"first","210":"instock","211":"product-type-simple"},"yoast_head":"<!-- This site is optimized with the Yoast SEO plugin v27.3 - https:\/\/yoast.com\/product\/yoast-seo-wordpress\/ -->\n<title>Jemenitische Familie in En Kerem (Familie Giad) - Abisag T\u00fcllmann<\/title>\n<meta name=\"robots\" content=\"index, follow, max-snippet:-1, max-image-preview:large, max-video-preview:-1\" \/>\n<link rel=\"canonical\" href=\"https:\/\/bpk-archive.de\/tuellmann\/produkt\/jemenitische-familie-in-en-kerem-familie-giad\/\" \/>\n<meta property=\"og:locale\" content=\"de_DE\" \/>\n<meta property=\"og:type\" content=\"article\" \/>\n<meta property=\"og:title\" content=\"Jemenitische Familie in En Kerem (Familie Giad) - Abisag T\u00fcllmann\" \/>\n<meta property=\"og:description\" content=\"R\u00fcckseitenbeschriftung von Hand der Fotografin: &#8222;Yemenitische Familie in En Kerem, v.l.: Mutter, \u00e4ltester Sohn, Vater, j\u00fcngster Sohn&#8220;\" \/>\n<meta property=\"og:url\" content=\"https:\/\/bpk-archive.de\/tuellmann\/produkt\/jemenitische-familie-in-en-kerem-familie-giad\/\" \/>\n<meta property=\"og:site_name\" content=\"Abisag T\u00fcllmann\" \/>\n<meta property=\"article:modified_time\" content=\"2019-09-05T13:01:21+00:00\" \/>\n<meta property=\"og:image\" content=\"https:\/\/bpk-archive.de\/tuellmann\/wp-content\/uploads\/2019\/08\/bpk_70271462.jpg\" \/>\n\t<meta property=\"og:image:width\" content=\"1200\" \/>\n\t<meta property=\"og:image:height\" content=\"862\" \/>\n\t<meta property=\"og:image:type\" content=\"image\/jpeg\" \/>\n<meta name=\"twitter:card\" content=\"summary_large_image\" \/>\n<script type=\"application\/ld+json\" class=\"yoast-schema-graph\">{\"@context\":\"https:\\\/\\\/schema.org\",\"@graph\":[{\"@type\":\"WebPage\",\"@id\":\"https:\\\/\\\/bpk-archive.de\\\/tuellmann\\\/produkt\\\/jemenitische-familie-in-en-kerem-familie-giad\\\/\",\"url\":\"https:\\\/\\\/bpk-archive.de\\\/tuellmann\\\/produkt\\\/jemenitische-familie-in-en-kerem-familie-giad\\\/\",\"name\":\"Jemenitische Familie in En Kerem (Familie Giad) - Abisag T\u00fcllmann\",\"isPartOf\":{\"@id\":\"https:\\\/\\\/bpk-archive.de\\\/tuellmann\\\/#website\"},\"primaryImageOfPage\":{\"@id\":\"https:\\\/\\\/bpk-archive.de\\\/tuellmann\\\/produkt\\\/jemenitische-familie-in-en-kerem-familie-giad\\\/#primaryimage\"},\"image\":{\"@id\":\"https:\\\/\\\/bpk-archive.de\\\/tuellmann\\\/produkt\\\/jemenitische-familie-in-en-kerem-familie-giad\\\/#primaryimage\"},\"thumbnailUrl\":\"https:\\\/\\\/bpk-archive.de\\\/tuellmann\\\/wp-content\\\/uploads\\\/2019\\\/08\\\/bpk_70271462.jpg\",\"datePublished\":\"2019-09-05T13:01:17+00:00\",\"dateModified\":\"2019-09-05T13:01:21+00:00\",\"breadcrumb\":{\"@id\":\"https:\\\/\\\/bpk-archive.de\\\/tuellmann\\\/produkt\\\/jemenitische-familie-in-en-kerem-familie-giad\\\/#breadcrumb\"},\"inLanguage\":\"de\",\"potentialAction\":[{\"@type\":\"ReadAction\",\"target\":[\"https:\\\/\\\/bpk-archive.de\\\/tuellmann\\\/produkt\\\/jemenitische-familie-in-en-kerem-familie-giad\\\/\"]}]},{\"@type\":\"ImageObject\",\"inLanguage\":\"de\",\"@id\":\"https:\\\/\\\/bpk-archive.de\\\/tuellmann\\\/produkt\\\/jemenitische-familie-in-en-kerem-familie-giad\\\/#primaryimage\",\"url\":\"https:\\\/\\\/bpk-archive.de\\\/tuellmann\\\/wp-content\\\/uploads\\\/2019\\\/08\\\/bpk_70271462.jpg\",\"contentUrl\":\"https:\\\/\\\/bpk-archive.de\\\/tuellmann\\\/wp-content\\\/uploads\\\/2019\\\/08\\\/bpk_70271462.jpg\",\"width\":1200,\"height\":862,\"caption\":\"Jemenitische Familie in En Kerem (Familie Giad)\"},{\"@type\":\"BreadcrumbList\",\"@id\":\"https:\\\/\\\/bpk-archive.de\\\/tuellmann\\\/produkt\\\/jemenitische-familie-in-en-kerem-familie-giad\\\/#breadcrumb\",\"itemListElement\":[{\"@type\":\"ListItem\",\"position\":1,\"name\":\"Startseite\",\"item\":\"https:\\\/\\\/bpk-archive.de\\\/tuellmann\\\/\"},{\"@type\":\"ListItem\",\"position\":2,\"name\":\"Shop\",\"item\":\"https:\\\/\\\/bpk-archive.de\\\/tuellmann\\\/shop\\\/\"},{\"@type\":\"ListItem\",\"position\":3,\"name\":\"Jemenitische Familie in En Kerem (Familie Giad)\"}]},{\"@type\":\"WebSite\",\"@id\":\"https:\\\/\\\/bpk-archive.de\\\/tuellmann\\\/#website\",\"url\":\"https:\\\/\\\/bpk-archive.de\\\/tuellmann\\\/\",\"name\":\"Abisag T\u00fcllmann\",\"description\":\"Eine weitere WordPress-Website\",\"potentialAction\":[{\"@type\":\"SearchAction\",\"target\":{\"@type\":\"EntryPoint\",\"urlTemplate\":\"https:\\\/\\\/bpk-archive.de\\\/tuellmann\\\/?s={search_term_string}\"},\"query-input\":{\"@type\":\"PropertyValueSpecification\",\"valueRequired\":true,\"valueName\":\"search_term_string\"}}],\"inLanguage\":\"de\"}]}<\/script>\n<!-- \/ Yoast SEO plugin. -->","yoast_head_json":{"title":"Jemenitische Familie in En Kerem (Familie Giad) - Abisag T\u00fcllmann","robots":{"index":"index","follow":"follow","max-snippet":"max-snippet:-1","max-image-preview":"max-image-preview:large","max-video-preview":"max-video-preview:-1"},"canonical":"https:\/\/bpk-archive.de\/tuellmann\/produkt\/jemenitische-familie-in-en-kerem-familie-giad\/","og_locale":"de_DE","og_type":"article","og_title":"Jemenitische Familie in En Kerem (Familie Giad) - Abisag T\u00fcllmann","og_description":"R\u00fcckseitenbeschriftung von Hand der Fotografin: &#8222;Yemenitische Familie in En Kerem, v.l.: Mutter, \u00e4ltester Sohn, Vater, j\u00fcngster Sohn&#8220;","og_url":"https:\/\/bpk-archive.de\/tuellmann\/produkt\/jemenitische-familie-in-en-kerem-familie-giad\/","og_site_name":"Abisag T\u00fcllmann","article_modified_time":"2019-09-05T13:01:21+00:00","og_image":[{"width":1200,"height":862,"url":"https:\/\/bpk-archive.de\/tuellmann\/wp-content\/uploads\/2019\/08\/bpk_70271462.jpg","type":"image\/jpeg"}],"twitter_card":"summary_large_image","schema":{"@context":"https:\/\/schema.org","@graph":[{"@type":"WebPage","@id":"https:\/\/bpk-archive.de\/tuellmann\/produkt\/jemenitische-familie-in-en-kerem-familie-giad\/","url":"https:\/\/bpk-archive.de\/tuellmann\/produkt\/jemenitische-familie-in-en-kerem-familie-giad\/","name":"Jemenitische Familie in En Kerem (Familie Giad) - Abisag T\u00fcllmann","isPartOf":{"@id":"https:\/\/bpk-archive.de\/tuellmann\/#website"},"primaryImageOfPage":{"@id":"https:\/\/bpk-archive.de\/tuellmann\/produkt\/jemenitische-familie-in-en-kerem-familie-giad\/#primaryimage"},"image":{"@id":"https:\/\/bpk-archive.de\/tuellmann\/produkt\/jemenitische-familie-in-en-kerem-familie-giad\/#primaryimage"},"thumbnailUrl":"https:\/\/bpk-archive.de\/tuellmann\/wp-content\/uploads\/2019\/08\/bpk_70271462.jpg","datePublished":"2019-09-05T13:01:17+00:00","dateModified":"2019-09-05T13:01:21+00:00","breadcrumb":{"@id":"https:\/\/bpk-archive.de\/tuellmann\/produkt\/jemenitische-familie-in-en-kerem-familie-giad\/#breadcrumb"},"inLanguage":"de","potentialAction":[{"@type":"ReadAction","target":["https:\/\/bpk-archive.de\/tuellmann\/produkt\/jemenitische-familie-in-en-kerem-familie-giad\/"]}]},{"@type":"ImageObject","inLanguage":"de","@id":"https:\/\/bpk-archive.de\/tuellmann\/produkt\/jemenitische-familie-in-en-kerem-familie-giad\/#primaryimage","url":"https:\/\/bpk-archive.de\/tuellmann\/wp-content\/uploads\/2019\/08\/bpk_70271462.jpg","contentUrl":"https:\/\/bpk-archive.de\/tuellmann\/wp-content\/uploads\/2019\/08\/bpk_70271462.jpg","width":1200,"height":862,"caption":"Jemenitische Familie in En Kerem (Familie Giad)"},{"@type":"BreadcrumbList","@id":"https:\/\/bpk-archive.de\/tuellmann\/produkt\/jemenitische-familie-in-en-kerem-familie-giad\/#breadcrumb","itemListElement":[{"@type":"ListItem","position":1,"name":"Startseite","item":"https:\/\/bpk-archive.de\/tuellmann\/"},{"@type":"ListItem","position":2,"name":"Shop","item":"https:\/\/bpk-archive.de\/tuellmann\/shop\/"},{"@type":"ListItem","position":3,"name":"Jemenitische Familie in En Kerem (Familie Giad)"}]},{"@type":"WebSite","@id":"https:\/\/bpk-archive.de\/tuellmann\/#website","url":"https:\/\/bpk-archive.de\/tuellmann\/","name":"Abisag T\u00fcllmann","description":"Eine weitere WordPress-Website","potentialAction":[{"@type":"SearchAction","target":{"@type":"EntryPoint","urlTemplate":"https:\/\/bpk-archive.de\/tuellmann\/?s={search_term_string}"},"query-input":{"@type":"PropertyValueSpecification","valueRequired":true,"valueName":"search_term_string"}}],"inLanguage":"de"}]}},"_links":{"self":[{"href":"https:\/\/bpk-archive.de\/tuellmann\/wp-json\/wp\/v2\/product\/70295114","targetHints":{"allow":["GET"]}}],"collection":[{"href":"https:\/\/bpk-archive.de\/tuellmann\/wp-json\/wp\/v2\/product"}],"about":[{"href":"https:\/\/bpk-archive.de\/tuellmann\/wp-json\/wp\/v2\/types\/product"}],"wp:featuredmedia":[{"embeddable":true,"href":"https:\/\/bpk-archive.de\/tuellmann\/wp-json\/wp\/v2\/media\/70292931"}],"wp:attachment":[{"href":"https:\/\/bpk-archive.de\/tuellmann\/wp-json\/wp\/v2\/media?parent=70295114"}],"wp:term":[{"taxonomy":"product_brand","embeddable":true,"href":"https:\/\/bpk-archive.de\/tuellmann\/wp-json\/wp\/v2\/product_brand?post=70295114"},{"taxonomy":"product_cat","embeddable":true,"href":"https:\/\/bpk-archive.de\/tuellmann\/wp-json\/wp\/v2\/product_cat?post=70295114"},{"taxonomy":"product_tag","embeddable":true,"href":"https:\/\/bpk-archive.de\/tuellmann\/wp-json\/wp\/v2\/product_tag?post=70295114"}],"curies":[{"name":"wp","href":"https:\/\/api.w.org\/{rel}","templated":true}]}}