{"id":70295080,"date":"2019-09-05T15:00:34","date_gmt":"2019-09-05T13:00:34","guid":{"rendered":"http:\/\/abisagtuellmann.bpk-news.de\/atbild\/im-palaestinensischen-fluechtlingslager-burj-el-shemali-bei-tyros\/"},"modified":"2019-09-05T15:00:45","modified_gmt":"2019-09-05T13:00:45","slug":"im-palaestinensischen-fluechtlingslager-burj-el-shemali-bei-tyros","status":"publish","type":"product","link":"https:\/\/bpk-archive.de\/tuellmann\/produkt\/im-palaestinensischen-fluechtlingslager-burj-el-shemali-bei-tyros\/","title":{"rendered":"Im pal\u00e4stinensischen Fl\u00fcchtlingslager &#8222;Burj el-Shemali&#8220; bei Tyros"},"content":{"rendered":"<p>R\u00fcckseitenbeschriftung von Hand der Fotografin: &#8222;Libanon: im pal\u00e4stinensischen Fl\u00fcchtlingslager &#8218;Burj el-Shemali&#8216; bei Tyros&#8220;<\/p>\n","protected":false},"excerpt":{"rendered":"<p>R\u00fcckseitenbeschriftung von Hand der Fotografin: &#8222;Libanon: im pal\u00e4stinensischen Fl\u00fcchtlingslager &#8218;Burj el-Shemali&#8216; bei Tyros&#8220;<\/p>\n","protected":false},"featured_media":70292867,"template":"","meta":[],"product_brand":[],"product_cat":[],"product_tag":[47237,13232,13234,13231,13233,47238,47239,13777,47240,47418,47419,47420,47421,47422,47423,47424,47241,47677,47678,47679,47242,47243,47244,47245,47246,47247,47248,47249,47250,47251,47252,47253,47254,47255,47256,47257,47258,47259,13473,14186,14187,14188,14189,14190,14191,14192,14193,14194,13293,13786,13787,13294,13295,13296,13297,47267,47680,47681,47682,47683,14066,47650,47651,47652,47383,47384,47385,47386,13498,47278,47279,47280,47281,47282,47283,47284,47684,47685,47295,47296,47297,47299,47300,47301,47302,47686,47303,47304,47305,47306,47307,47308,47309,47310,13818,13819,13826,47687,47688,47689,47690,47691,47692,47693,47694,47695,47319,47320,47322,47321,47323,47324,47696,47697,47327,47328,47329,47330,47331,13328,13827,13828,13329,13330,13331,13332,47332,13843,47333,47334,47335,47336,47337,47698,47699,47700,13877,13879,47480,13865,13864,13866,13858,13859,13860,13861,13862,13863,47701,13869,13870,13871,13872,13519,13520,13521,13522,13523,13524,13878,13880,47485,47488,47702,47703,47704,47705,47706,47707,47708,47709,47710,47711,13525,47343,47344,47345,47346,47347,47348,47349,47350,47351,47352,47353,47354,47355,47356],"class_list":{"0":"post-70295080","1":"product","2":"type-product","3":"status-publish","4":"has-post-thumbnail","6":"product_tag-1980er-jahre","7":"product_tag-20-jahrhundert-nach-chr","8":"product_tag-20-jh-n-chr","9":"product_tag-20-jahrhundert","10":"product_tag-20-jh","11":"product_tag-80er","12":"product_tag-abt_001","13":"product_tag-abzug","14":"product_tag-achtziger","15":"product_tag-alt","16":"product_tag-alte","17":"product_tag-alten","18":"product_tag-alter","19":"product_tag-aeltere","20":"product_tag-aelterer","21":"product_tag-altes","22":"product_tag-at_israel","23":"product_tag-beduinentuch","24":"product_tag-beduinentuecher","25":"product_tag-behausung","26":"product_tag-besatzungsmacht","27":"product_tag-besatzungsmaechte","28":"product_tag-besatzungsmaechten","29":"product_tag-besatzungszeit","30":"product_tag-besatzungszone","31":"product_tag-besatzungszonen","32":"product_tag-besetzen","33":"product_tag-besetzt","34":"product_tag-besetzte","35":"product_tag-besetzten","36":"product_tag-besetzter","37":"product_tag-besetztes","38":"product_tag-besetzung","39":"product_tag-besetzungen","40":"product_tag-bombenschaden","41":"product_tag-buergerkrieg","42":"product_tag-buergerkriege","43":"product_tag-buergerkrieges","44":"product_tag-drinnen","45":"product_tag-fluechtling","46":"product_tag-fluechtlinge","47":"product_tag-fluechtlingen","48":"product_tag-fluechtlings","49":"product_tag-fluechtlingsheim","50":"product_tag-fluechtlingsheime","51":"product_tag-fluechtlingslager","52":"product_tag-fluechtlingsunterkunft","53":"product_tag-fluechtlingsunterkuenfte","54":"product_tag-foto","55":"product_tag-fotoabzug","56":"product_tag-fotoabzuege","57":"product_tag-fotografie","58":"product_tag-fotografien","59":"product_tag-fotografin","60":"product_tag-fotografinnen","61":"product_tag-fotoreportage","62":"product_tag-gebetskette","63":"product_tag-gebetsketten","64":"product_tag-gebetsschnur","65":"product_tag-gebetsschnuere","66":"product_tag-geschichte","67":"product_tag-greis","68":"product_tag-greise","69":"product_tag-greises","70":"product_tag-haus","71":"product_tag-haeuser","72":"product_tag-haeusern","73":"product_tag-hauses","74":"product_tag-innen","75":"product_tag-invasion","76":"product_tag-israel","77":"product_tag-israelisch","78":"product_tag-israelische","79":"product_tag-israelischer","80":"product_tag-israelisches","81":"product_tag-israels","82":"product_tag-kafiya","83":"product_tag-kefije","84":"product_tag-krieg","85":"product_tag-kriege","86":"product_tag-krieges","87":"product_tag-kriegszerstoerung","88":"product_tag-kriegszerstoerungen","89":"product_tag-krise","90":"product_tag-krisen","91":"product_tag-kufiya","92":"product_tag-libanese","93":"product_tag-libanesisch","94":"product_tag-libanesische","95":"product_tag-libanesischen","96":"product_tag-libanesischer","97":"product_tag-libanesisches","98":"product_tag-libanon","99":"product_tag-libanonkrieg","100":"product_tag-mann","101":"product_tag-maenner","102":"product_tag-mannes","103":"product_tag-moslem","104":"product_tag-moslems","105":"product_tag-muslim","106":"product_tag-muslime","107":"product_tag-muslimisch","108":"product_tag-muslimische","109":"product_tag-muslimischen","110":"product_tag-muslimischer","111":"product_tag-muslimisches","112":"product_tag-naher-osten","113":"product_tag-nahost","114":"product_tag-nahost-konflikt","115":"product_tag-nahostkonflikt","116":"product_tag-okkupation","117":"product_tag-palaestinenser","118":"product_tag-palaestinensertuch","119":"product_tag-palaestinensertuecher","120":"product_tag-palaestinensisch","121":"product_tag-palaestinensische","122":"product_tag-palaestinensischen","123":"product_tag-palaestinensischer","124":"product_tag-palaestinensisches","125":"product_tag-photo","126":"product_tag-photoabzug","127":"product_tag-photoabzuege","128":"product_tag-photographie","129":"product_tag-photographien","130":"product_tag-photographin","131":"product_tag-photographinnen","132":"product_tag-photoreportage","133":"product_tag-print","134":"product_tag-reportage","135":"product_tag-reportagefoto","136":"product_tag-reportagefotografie","137":"product_tag-reportagephoto","138":"product_tag-reportagephotographie","139":"product_tag-rosenkranz","140":"product_tag-rosenkraenze","141":"product_tag-rosenkranzes","142":"product_tag-s-w-fotografie","143":"product_tag-s-w-photographie","144":"product_tag-schutt","145":"product_tag-schwarzweissphotographie","146":"product_tag-schwarz-weiss-fotografie","147":"product_tag-schwarz-weiss-photographie","148":"product_tag-schwarzweiss","149":"product_tag-schwarzweisse","150":"product_tag-schwarzweissen","151":"product_tag-schwarzweisser","152":"product_tag-schwarzweisses","153":"product_tag-schwarzweissfotografie","154":"product_tag-seitenblick","155":"product_tag-silbergelatine","156":"product_tag-silbergelatineabzug","157":"product_tag-silbergelatineabzuege","158":"product_tag-silbergelatineprint","159":"product_tag-stehen","160":"product_tag-stehend","161":"product_tag-stehende","162":"product_tag-stehenden","163":"product_tag-stehender","164":"product_tag-stehendes","165":"product_tag-sw-fotografie","166":"product_tag-sw-photographie","167":"product_tag-truemmer","168":"product_tag-truemmern","169":"product_tag-turban","170":"product_tag-turbane","171":"product_tag-verzweifelt","172":"product_tag-verzweifelte","173":"product_tag-verzweifeltem","174":"product_tag-verzweifelten","175":"product_tag-verzweifelter","176":"product_tag-verzweifeltes","177":"product_tag-verzweifelung","178":"product_tag-verzweiflung","179":"product_tag-von-innen","180":"product_tag-zeitgeschichte","181":"product_tag-zerbombt","182":"product_tag-zerbombte","183":"product_tag-zerbombten","184":"product_tag-zerbombter","185":"product_tag-zerbombtes","186":"product_tag-zerstoeren","187":"product_tag-zerstoert","188":"product_tag-zerstoerte","189":"product_tag-zerstoerten","190":"product_tag-zerstoerter","191":"product_tag-zerstoertes","192":"product_tag-zerstoerung","193":"product_tag-zerstoerungen","194":"pa_datierung-juli-1982","195":"pa_fotograf-abisag-tuellmann","196":"pa_geografischer_bezug-aufnahmeort-tyros-libanon","197":"pa_grunddaten_material_technik-foto-silbergelatine-auf-barytpapier","198":"pa_inventarnummer-tue-82-072-12","199":"pa_jahr_von-47235","200":"pa_massangaben-bildformat-foto-209-x-303-cm","201":"pa_mediennummer-47674","202":"pa_objekt_typ-fotografie","204":"first","205":"instock","206":"product-type-simple"},"yoast_head":"<!-- This site is optimized with the Yoast SEO plugin v27.4 - https:\/\/yoast.com\/product\/yoast-seo-wordpress\/ -->\n<title>Im pal\u00e4stinensischen Fl\u00fcchtlingslager &quot;Burj el-Shemali&quot; bei Tyros - Abisag T\u00fcllmann<\/title>\n<meta name=\"robots\" content=\"index, follow, max-snippet:-1, max-image-preview:large, max-video-preview:-1\" \/>\n<link rel=\"canonical\" href=\"https:\/\/bpk-archive.de\/tuellmann\/produkt\/im-palaestinensischen-fluechtlingslager-burj-el-shemali-bei-tyros\/\" \/>\n<meta property=\"og:locale\" content=\"de_DE\" \/>\n<meta property=\"og:type\" content=\"article\" \/>\n<meta property=\"og:title\" content=\"Im pal\u00e4stinensischen Fl\u00fcchtlingslager &quot;Burj el-Shemali&quot; bei Tyros - Abisag T\u00fcllmann\" \/>\n<meta property=\"og:description\" content=\"R\u00fcckseitenbeschriftung von Hand der Fotografin: &#8222;Libanon: im pal\u00e4stinensischen Fl\u00fcchtlingslager &#8218;Burj el-Shemali&#8216; bei Tyros&#8220;\" \/>\n<meta property=\"og:url\" content=\"https:\/\/bpk-archive.de\/tuellmann\/produkt\/im-palaestinensischen-fluechtlingslager-burj-el-shemali-bei-tyros\/\" \/>\n<meta property=\"og:site_name\" content=\"Abisag T\u00fcllmann\" \/>\n<meta property=\"article:modified_time\" content=\"2019-09-05T13:00:45+00:00\" \/>\n<meta property=\"og:image\" content=\"https:\/\/bpk-archive.de\/tuellmann\/wp-content\/uploads\/2019\/08\/bpk_70271618.jpg\" \/>\n\t<meta property=\"og:image:width\" content=\"1200\" \/>\n\t<meta property=\"og:image:height\" content=\"835\" \/>\n\t<meta property=\"og:image:type\" content=\"image\/jpeg\" \/>\n<meta name=\"twitter:card\" content=\"summary_large_image\" \/>\n<script type=\"application\/ld+json\" class=\"yoast-schema-graph\">{\"@context\":\"https:\\\/\\\/schema.org\",\"@graph\":[{\"@type\":\"WebPage\",\"@id\":\"https:\\\/\\\/bpk-archive.de\\\/tuellmann\\\/produkt\\\/im-palaestinensischen-fluechtlingslager-burj-el-shemali-bei-tyros\\\/\",\"url\":\"https:\\\/\\\/bpk-archive.de\\\/tuellmann\\\/produkt\\\/im-palaestinensischen-fluechtlingslager-burj-el-shemali-bei-tyros\\\/\",\"name\":\"Im pal\u00e4stinensischen Fl\u00fcchtlingslager \\\"Burj el-Shemali\\\" bei Tyros - Abisag T\u00fcllmann\",\"isPartOf\":{\"@id\":\"https:\\\/\\\/bpk-archive.de\\\/tuellmann\\\/#website\"},\"primaryImageOfPage\":{\"@id\":\"https:\\\/\\\/bpk-archive.de\\\/tuellmann\\\/produkt\\\/im-palaestinensischen-fluechtlingslager-burj-el-shemali-bei-tyros\\\/#primaryimage\"},\"image\":{\"@id\":\"https:\\\/\\\/bpk-archive.de\\\/tuellmann\\\/produkt\\\/im-palaestinensischen-fluechtlingslager-burj-el-shemali-bei-tyros\\\/#primaryimage\"},\"thumbnailUrl\":\"https:\\\/\\\/bpk-archive.de\\\/tuellmann\\\/wp-content\\\/uploads\\\/2019\\\/08\\\/bpk_70271618.jpg\",\"datePublished\":\"2019-09-05T13:00:34+00:00\",\"dateModified\":\"2019-09-05T13:00:45+00:00\",\"breadcrumb\":{\"@id\":\"https:\\\/\\\/bpk-archive.de\\\/tuellmann\\\/produkt\\\/im-palaestinensischen-fluechtlingslager-burj-el-shemali-bei-tyros\\\/#breadcrumb\"},\"inLanguage\":\"de\",\"potentialAction\":[{\"@type\":\"ReadAction\",\"target\":[\"https:\\\/\\\/bpk-archive.de\\\/tuellmann\\\/produkt\\\/im-palaestinensischen-fluechtlingslager-burj-el-shemali-bei-tyros\\\/\"]}]},{\"@type\":\"ImageObject\",\"inLanguage\":\"de\",\"@id\":\"https:\\\/\\\/bpk-archive.de\\\/tuellmann\\\/produkt\\\/im-palaestinensischen-fluechtlingslager-burj-el-shemali-bei-tyros\\\/#primaryimage\",\"url\":\"https:\\\/\\\/bpk-archive.de\\\/tuellmann\\\/wp-content\\\/uploads\\\/2019\\\/08\\\/bpk_70271618.jpg\",\"contentUrl\":\"https:\\\/\\\/bpk-archive.de\\\/tuellmann\\\/wp-content\\\/uploads\\\/2019\\\/08\\\/bpk_70271618.jpg\",\"width\":1200,\"height\":835,\"caption\":\"Im pal\u00e4stinensischen Fl\u00fcchtlingslager \\\"Burj el-Shemali\\\" bei Tyros\"},{\"@type\":\"BreadcrumbList\",\"@id\":\"https:\\\/\\\/bpk-archive.de\\\/tuellmann\\\/produkt\\\/im-palaestinensischen-fluechtlingslager-burj-el-shemali-bei-tyros\\\/#breadcrumb\",\"itemListElement\":[{\"@type\":\"ListItem\",\"position\":1,\"name\":\"Startseite\",\"item\":\"https:\\\/\\\/bpk-archive.de\\\/tuellmann\\\/\"},{\"@type\":\"ListItem\",\"position\":2,\"name\":\"Shop\",\"item\":\"https:\\\/\\\/bpk-archive.de\\\/tuellmann\\\/shop\\\/\"},{\"@type\":\"ListItem\",\"position\":3,\"name\":\"Im pal\u00e4stinensischen Fl\u00fcchtlingslager &#8220;Burj el-Shemali&#8221; bei Tyros\"}]},{\"@type\":\"WebSite\",\"@id\":\"https:\\\/\\\/bpk-archive.de\\\/tuellmann\\\/#website\",\"url\":\"https:\\\/\\\/bpk-archive.de\\\/tuellmann\\\/\",\"name\":\"Abisag T\u00fcllmann\",\"description\":\"Eine weitere WordPress-Website\",\"potentialAction\":[{\"@type\":\"SearchAction\",\"target\":{\"@type\":\"EntryPoint\",\"urlTemplate\":\"https:\\\/\\\/bpk-archive.de\\\/tuellmann\\\/?s={search_term_string}\"},\"query-input\":{\"@type\":\"PropertyValueSpecification\",\"valueRequired\":true,\"valueName\":\"search_term_string\"}}],\"inLanguage\":\"de\"}]}<\/script>\n<!-- \/ Yoast SEO plugin. -->","yoast_head_json":{"title":"Im pal\u00e4stinensischen Fl\u00fcchtlingslager \"Burj el-Shemali\" bei Tyros - Abisag T\u00fcllmann","robots":{"index":"index","follow":"follow","max-snippet":"max-snippet:-1","max-image-preview":"max-image-preview:large","max-video-preview":"max-video-preview:-1"},"canonical":"https:\/\/bpk-archive.de\/tuellmann\/produkt\/im-palaestinensischen-fluechtlingslager-burj-el-shemali-bei-tyros\/","og_locale":"de_DE","og_type":"article","og_title":"Im pal\u00e4stinensischen Fl\u00fcchtlingslager \"Burj el-Shemali\" bei Tyros - Abisag T\u00fcllmann","og_description":"R\u00fcckseitenbeschriftung von Hand der Fotografin: &#8222;Libanon: im pal\u00e4stinensischen Fl\u00fcchtlingslager &#8218;Burj el-Shemali&#8216; bei Tyros&#8220;","og_url":"https:\/\/bpk-archive.de\/tuellmann\/produkt\/im-palaestinensischen-fluechtlingslager-burj-el-shemali-bei-tyros\/","og_site_name":"Abisag T\u00fcllmann","article_modified_time":"2019-09-05T13:00:45+00:00","og_image":[{"width":1200,"height":835,"url":"https:\/\/bpk-archive.de\/tuellmann\/wp-content\/uploads\/2019\/08\/bpk_70271618.jpg","type":"image\/jpeg"}],"twitter_card":"summary_large_image","schema":{"@context":"https:\/\/schema.org","@graph":[{"@type":"WebPage","@id":"https:\/\/bpk-archive.de\/tuellmann\/produkt\/im-palaestinensischen-fluechtlingslager-burj-el-shemali-bei-tyros\/","url":"https:\/\/bpk-archive.de\/tuellmann\/produkt\/im-palaestinensischen-fluechtlingslager-burj-el-shemali-bei-tyros\/","name":"Im pal\u00e4stinensischen Fl\u00fcchtlingslager \"Burj el-Shemali\" bei Tyros - Abisag T\u00fcllmann","isPartOf":{"@id":"https:\/\/bpk-archive.de\/tuellmann\/#website"},"primaryImageOfPage":{"@id":"https:\/\/bpk-archive.de\/tuellmann\/produkt\/im-palaestinensischen-fluechtlingslager-burj-el-shemali-bei-tyros\/#primaryimage"},"image":{"@id":"https:\/\/bpk-archive.de\/tuellmann\/produkt\/im-palaestinensischen-fluechtlingslager-burj-el-shemali-bei-tyros\/#primaryimage"},"thumbnailUrl":"https:\/\/bpk-archive.de\/tuellmann\/wp-content\/uploads\/2019\/08\/bpk_70271618.jpg","datePublished":"2019-09-05T13:00:34+00:00","dateModified":"2019-09-05T13:00:45+00:00","breadcrumb":{"@id":"https:\/\/bpk-archive.de\/tuellmann\/produkt\/im-palaestinensischen-fluechtlingslager-burj-el-shemali-bei-tyros\/#breadcrumb"},"inLanguage":"de","potentialAction":[{"@type":"ReadAction","target":["https:\/\/bpk-archive.de\/tuellmann\/produkt\/im-palaestinensischen-fluechtlingslager-burj-el-shemali-bei-tyros\/"]}]},{"@type":"ImageObject","inLanguage":"de","@id":"https:\/\/bpk-archive.de\/tuellmann\/produkt\/im-palaestinensischen-fluechtlingslager-burj-el-shemali-bei-tyros\/#primaryimage","url":"https:\/\/bpk-archive.de\/tuellmann\/wp-content\/uploads\/2019\/08\/bpk_70271618.jpg","contentUrl":"https:\/\/bpk-archive.de\/tuellmann\/wp-content\/uploads\/2019\/08\/bpk_70271618.jpg","width":1200,"height":835,"caption":"Im pal\u00e4stinensischen Fl\u00fcchtlingslager \"Burj el-Shemali\" bei Tyros"},{"@type":"BreadcrumbList","@id":"https:\/\/bpk-archive.de\/tuellmann\/produkt\/im-palaestinensischen-fluechtlingslager-burj-el-shemali-bei-tyros\/#breadcrumb","itemListElement":[{"@type":"ListItem","position":1,"name":"Startseite","item":"https:\/\/bpk-archive.de\/tuellmann\/"},{"@type":"ListItem","position":2,"name":"Shop","item":"https:\/\/bpk-archive.de\/tuellmann\/shop\/"},{"@type":"ListItem","position":3,"name":"Im pal\u00e4stinensischen Fl\u00fcchtlingslager &#8220;Burj el-Shemali&#8221; bei Tyros"}]},{"@type":"WebSite","@id":"https:\/\/bpk-archive.de\/tuellmann\/#website","url":"https:\/\/bpk-archive.de\/tuellmann\/","name":"Abisag T\u00fcllmann","description":"Eine weitere WordPress-Website","potentialAction":[{"@type":"SearchAction","target":{"@type":"EntryPoint","urlTemplate":"https:\/\/bpk-archive.de\/tuellmann\/?s={search_term_string}"},"query-input":{"@type":"PropertyValueSpecification","valueRequired":true,"valueName":"search_term_string"}}],"inLanguage":"de"}]}},"_links":{"self":[{"href":"https:\/\/bpk-archive.de\/tuellmann\/wp-json\/wp\/v2\/product\/70295080","targetHints":{"allow":["GET"]}}],"collection":[{"href":"https:\/\/bpk-archive.de\/tuellmann\/wp-json\/wp\/v2\/product"}],"about":[{"href":"https:\/\/bpk-archive.de\/tuellmann\/wp-json\/wp\/v2\/types\/product"}],"wp:featuredmedia":[{"embeddable":true,"href":"https:\/\/bpk-archive.de\/tuellmann\/wp-json\/wp\/v2\/media\/70292867"}],"wp:attachment":[{"href":"https:\/\/bpk-archive.de\/tuellmann\/wp-json\/wp\/v2\/media?parent=70295080"}],"wp:term":[{"taxonomy":"product_brand","embeddable":true,"href":"https:\/\/bpk-archive.de\/tuellmann\/wp-json\/wp\/v2\/product_brand?post=70295080"},{"taxonomy":"product_cat","embeddable":true,"href":"https:\/\/bpk-archive.de\/tuellmann\/wp-json\/wp\/v2\/product_cat?post=70295080"},{"taxonomy":"product_tag","embeddable":true,"href":"https:\/\/bpk-archive.de\/tuellmann\/wp-json\/wp\/v2\/product_tag?post=70295080"}],"curies":[{"name":"wp","href":"https:\/\/api.w.org\/{rel}","templated":true}]}}